Last updated on 2024-07-12 02:51:16 CEST.
Flavor | Version | Tinstall | Tcheck | Ttotal | Status | Flags |
---|---|---|---|---|---|---|
r-devel-linux-x86_64-debian-clang | 0.2-1 | 4.35 | 39.67 | 44.02 | OK | |
r-devel-linux-x86_64-debian-gcc | 0.2-1 | 3.78 | 29.35 | 33.13 | OK | |
r-devel-linux-x86_64-fedora-clang | 0.2-1 | 54.54 | NOTE | |||
r-devel-linux-x86_64-fedora-gcc | 0.2-1 | 51.34 | OK | |||
r-devel-windows-x86_64 | 0.2-1 | 4.00 | 57.00 | 61.00 | OK | |
r-patched-linux-x86_64 | 0.2-1 | 5.82 | 37.78 | 43.60 | OK | |
r-release-linux-x86_64 | 0.2-1 | 3.81 | 36.42 | 40.23 | OK | |
r-release-macos-arm64 | 0.2-1 | 19.00 | OK | |||
r-release-macos-x86_64 | 0.2-1 | 30.00 | OK | |||
r-release-windows-x86_64 | 0.2-1 | 6.00 | 57.00 | 63.00 | OK | |
r-oldrel-macos-arm64 | 0.2-1 | 20.00 | OK | |||
r-oldrel-macos-x86_64 | 0.2-1 | 29.00 | OK | |||
r-oldrel-windows-x86_64 | 0.2-1 | 5.00 | 59.00 | 64.00 | OK |
Version: 0.2-1
Check: Rd cross-references
Result: NOTE
Undeclared package ‘tm’ in Rd xrefs
Flavor: r-devel-linux-x86_64-fedora-clang