Last updated on 2024-07-12 02:51:16 CEST.
Flavor | Version | Tinstall | Tcheck | Ttotal | Status | Flags |
---|---|---|---|---|---|---|
r-devel-linux-x86_64-debian-clang | 2.21.11 | 1690.25 | 415.88 | 2106.13 | NOTE | |
r-devel-linux-x86_64-debian-gcc | 2.21.11 | 1337.14 | 434.17 | 1771.31 | NOTE | |
r-devel-linux-x86_64-fedora-clang | 2.21.11 | 2897.11 | NOTE | |||
r-devel-linux-x86_64-fedora-gcc | 2.21.11 | 3370.33 | NOTE | |||
r-devel-windows-x86_64 | 2.21.11 | 1228.00 | 477.00 | 1705.00 | NOTE | |
r-patched-linux-x86_64 | 2.21.11 | 1605.81 | 569.29 | 2175.10 | NOTE | |
r-release-linux-x86_64 | 2.21.11 | 1596.34 | 562.82 | 2159.16 | NOTE | |
r-release-macos-arm64 | 2.21.11 | 563.00 | NOTE | |||
r-release-macos-x86_64 | 2.21.11 | 540.00 | NOTE | |||
r-release-windows-x86_64 | 2.21.11 | 1235.00 | 469.00 | 1704.00 | NOTE | |
r-oldrel-macos-arm64 | 2.21.11 | 492.00 | NOTE | |||
r-oldrel-macos-x86_64 | 2.21.11 | 373.00 | NOTE | |||
r-oldrel-windows-x86_64 | 2.21.11 | 1574.00 | 612.00 | 2186.00 | NOTE |
Version: 2.21.11
Check: for GNU extensions in Makefiles
Result: NOTE
GNU make is a SystemRequirements.
Flavors: r-devel-linux-x86_64-debian-clang, r-devel-linux-x86_64-debian-gcc, r-devel-linux-x86_64-fedora-clang, r-devel-linux-x86_64-fedora-gcc, r-devel-windows-x86_64, r-patched-linux-x86_64, r-release-linux-x86_64, r-release-macos-arm64, r-release-macos-x86_64, r-release-windows-x86_64, r-oldrel-macos-arm64, r-oldrel-macos-x86_64, r-oldrel-windows-x86_64
Version: 2.21.11
Check: installed package size
Result: NOTE
installed size is 17.3Mb
sub-directories of 1Mb or more:
R 2.6Mb
data 1.4Mb
libs 6.1Mb
models 4.8Mb
Flavors: r-devel-linux-x86_64-fedora-clang, r-devel-windows-x86_64, r-release-macos-arm64, r-release-macos-x86_64, r-release-windows-x86_64, r-oldrel-macos-arm64, r-oldrel-macos-x86_64, r-oldrel-windows-x86_64