Last updated on 2024-08-16 03:49:32 CEST.
Flavor | Version | Tinstall | Tcheck | Ttotal | Status | Flags |
---|---|---|---|---|---|---|
r-devel-linux-x86_64-debian-clang | 0.1.1 | 33.09 | 298.28 | 331.37 | OK | |
r-devel-linux-x86_64-debian-gcc | 0.1.1 | 25.01 | 219.33 | 244.34 | OK | |
r-devel-linux-x86_64-fedora-clang | 0.1.1 | 545.19 | NOTE | |||
r-devel-linux-x86_64-fedora-gcc | 0.1.1 | 531.15 | NOTE | |||
r-devel-windows-x86_64 | 0.1.1 | 36.00 | 268.00 | 304.00 | OK | |
r-patched-linux-x86_64 | 0.1.1 | 32.51 | 282.52 | 315.03 | OK | |
r-release-linux-x86_64 | 0.1.1 | 30.29 | 286.81 | 317.10 | OK | |
r-release-macos-arm64 | 0.1.1 | 147.00 | OK | |||
r-release-macos-x86_64 | 0.1.1 | 226.00 | OK | |||
r-release-windows-x86_64 | 0.1.1 | 37.00 | 273.00 | 310.00 | OK | |
r-oldrel-macos-arm64 | 0.1.1 | 138.00 | OK | |||
r-oldrel-macos-x86_64 | 0.1.1 | 272.00 | OK | |||
r-oldrel-windows-x86_64 | 0.1.1 | 51.00 | 351.00 | 402.00 | OK |
Version: 0.1.1
Check: dependencies in R code
Result: NOTE
Namespaces in Imports field not imported from:
‘base’ ‘grDevices’
All declared Imports should be used.
Flavors: r-devel-linux-x86_64-fedora-clang, r-devel-linux-x86_64-fedora-gcc