Last updated on 2024-05-11 03:52:03 CEST.
Flavor | Version | Tinstall | Tcheck | Ttotal | Status | Flags |
---|---|---|---|---|---|---|
r-devel-linux-x86_64-debian-clang | 1.14.1 | 10.49 | 91.09 | 101.58 | NOTE | |
r-devel-linux-x86_64-debian-gcc | 1.14.1 | 5.85 | 66.68 | 72.53 | NOTE | |
r-devel-linux-x86_64-fedora-clang | 1.14.1 | 122.80 | NOTE | |||
r-devel-linux-x86_64-fedora-gcc | 1.14.1 | 145.31 | NOTE | |||
r-devel-windows-x86_64 | 1.14.1 | 10.00 | 93.00 | 103.00 | NOTE | |
r-patched-linux-x86_64 | 1.14.1 | 11.42 | 87.15 | 98.57 | NOTE | |
r-release-linux-x86_64 | 1.14.1 | 9.67 | 86.43 | 96.10 | NOTE | |
r-release-macos-arm64 | 1.14.1 | 34.00 | NOTE | |||
r-release-windows-x86_64 | 1.14.1 | 11.00 | 92.00 | 103.00 | NOTE | |
r-oldrel-macos-arm64 | 1.14.1 | 38.00 | OK | |||
r-oldrel-macos-x86_64 | 1.14.1 | 64.00 | OK | |||
r-oldrel-windows-x86_64 | 1.14.1 | 14.00 | 105.00 | 119.00 | OK |
Version: 1.14.1
Check: Rd files
Result: NOTE
checkRd: (-1) getParamNr.Rd:15: Lost braces
15 | Default is code{FALSE}.}
| ^
checkRd: (-1) getRequirements.Rd:16: Lost braces
16 | code{TRUE}.}
| ^
checkRd: (-1) sampleValue.Rd:15: Lost braces; missing escapes or markup?
15 | Default is code {FALSE}.}
| ^
checkRd: (-1) sampleValues.Rd:18: Lost braces; missing escapes or markup?
18 | Default is code {FALSE}.}
| ^
Flavors: r-devel-linux-x86_64-debian-clang, r-devel-linux-x86_64-debian-gcc, r-devel-linux-x86_64-fedora-clang, r-devel-linux-x86_64-fedora-gcc, r-devel-windows-x86_64, r-patched-linux-x86_64, r-release-linux-x86_64, r-release-macos-arm64, r-release-windows-x86_64