Last updated on 2024-08-16 15:49:39 CEST.
Flavor | Version | Tinstall | Tcheck | Ttotal | Status | Flags |
---|---|---|---|---|---|---|
r-devel-linux-x86_64-debian-clang | 0.0.5 | 4.30 | 110.24 | 114.54 | OK | |
r-devel-linux-x86_64-debian-gcc | 0.0.5 | 4.41 | 75.66 | 80.07 | OK | |
r-devel-linux-x86_64-fedora-clang | 0.0.5 | 201.83 | NOTE | |||
r-devel-linux-x86_64-fedora-gcc | 0.0.5 | 202.90 | NOTE | |||
r-devel-windows-x86_64 | 0.0.5 | 8.00 | 127.00 | 135.00 | OK | |
r-patched-linux-x86_64 | 0.0.5 | 7.66 | 105.60 | 113.26 | OK | |
r-release-linux-x86_64 | 0.0.5 | 6.32 | 106.68 | 113.00 | OK | |
r-release-macos-arm64 | 0.0.5 | 58.00 | OK | |||
r-release-macos-x86_64 | 0.0.5 | 90.00 | OK | |||
r-release-windows-x86_64 | 0.0.5 | 9.00 | 128.00 | 137.00 | OK | |
r-oldrel-macos-arm64 | 0.0.5 | 63.00 | OK | |||
r-oldrel-macos-x86_64 | 0.0.5 | 176.00 | OK | |||
r-oldrel-windows-x86_64 | 0.0.5 | 10.00 | 154.00 | 164.00 | OK |
Version: 0.0.5
Check: dependencies in R code
Result: NOTE
Namespaces in Imports field not imported from:
‘itsadug’ ‘mgcv’
All declared Imports should be used.
Flavors: r-devel-linux-x86_64-fedora-clang, r-devel-linux-x86_64-fedora-gcc