Last updated on 2024-06-26 03:49:33 CEST.
Flavor | Version | Tinstall | Tcheck | Ttotal | Status | Flags |
---|---|---|---|---|---|---|
r-devel-linux-x86_64-debian-clang | 0.9-9 | OK | ||||
r-devel-linux-x86_64-debian-gcc | 0.9-9 | 19.89 | 22.51 | 42.40 | OK | |
r-devel-linux-x86_64-fedora-clang | 0.9-9 | 71.80 | OK | |||
r-devel-linux-x86_64-fedora-gcc | 0.9-9 | 79.46 | OK | |||
r-devel-windows-x86_64 | 0.9-9 | 44.00 | 62.00 | 106.00 | OK | |
r-patched-linux-x86_64 | 0.9-9 | 22.82 | 28.93 | 51.75 | OK | |
r-release-linux-x86_64 | 0.9-9 | 22.82 | 28.14 | 50.96 | OK | |
r-release-macos-arm64 | 0.9-9 | 32.00 | NOTE | |||
r-release-macos-x86_64 | 0.9-9 | 40.00 | NOTE | |||
r-release-windows-x86_64 | 0.9-9 | 45.00 | 62.00 | 107.00 | OK | |
r-oldrel-macos-arm64 | 0.9-9 | 36.00 | NOTE | |||
r-oldrel-macos-x86_64 | 0.9-9 | 56.00 | NOTE | |||
r-oldrel-windows-x86_64 | 0.9-9 | 45.00 | 72.00 | 117.00 | OK |
Version: 0.9-9
Check: installed package size
Result: NOTE
installed size is 19.3Mb
sub-directories of 1Mb or more:
libs 19.2Mb
Flavors: r-release-macos-arm64, r-release-macos-x86_64, r-oldrel-macos-arm64, r-oldrel-macos-x86_64