Last updated on 2024-08-16 15:49:40 CEST.
Flavor | Version | Tinstall | Tcheck | Ttotal | Status | Flags |
---|---|---|---|---|---|---|
r-devel-linux-x86_64-debian-clang | 0.3.0 | 3.12 | 29.78 | 32.90 | NOTE | |
r-devel-linux-x86_64-debian-gcc | 0.3.0 | 2.68 | 23.14 | 25.82 | NOTE | |
r-devel-linux-x86_64-fedora-clang | 0.3.0 | 53.30 | NOTE | |||
r-devel-linux-x86_64-fedora-gcc | 0.3.0 | 50.27 | NOTE | |||
r-devel-windows-x86_64 | 0.3.0 | 6.00 | 56.00 | 62.00 | NOTE | |
r-patched-linux-x86_64 | 0.3.0 | 3.70 | 28.02 | 31.72 | NOTE | |
r-release-linux-x86_64 | 0.3.0 | 2.68 | 28.41 | 31.09 | NOTE | |
r-release-macos-arm64 | 0.3.0 | 23.00 | OK | |||
r-release-macos-x86_64 | 0.3.0 | 31.00 | OK | |||
r-release-windows-x86_64 | 0.3.0 | 6.00 | 55.00 | 61.00 | NOTE | |
r-oldrel-macos-arm64 | 0.3.0 | 22.00 | OK | |||
r-oldrel-macos-x86_64 | 0.3.0 | 28.00 | OK | |||
r-oldrel-windows-x86_64 | 0.3.0 | 6.00 | 57.00 | 63.00 | OK |
Version: 0.3.0
Check: HTML version of manual
Result: NOTE
Found the following HTML validation problems:
Repository.html:125:1 (Repository.Rd:129): Warning: trimming empty <ul>
Flavors: r-devel-linux-x86_64-debian-clang, r-devel-linux-x86_64-debian-gcc, r-devel-linux-x86_64-fedora-clang, r-devel-linux-x86_64-fedora-gcc, r-devel-windows-x86_64, r-patched-linux-x86_64, r-release-linux-x86_64, r-release-windows-x86_64