Last updated on 2024-06-26 03:49:35 CEST.
Flavor | Version | Tinstall | Tcheck | Ttotal | Status | Flags |
---|---|---|---|---|---|---|
r-devel-linux-x86_64-debian-clang | 1.0.5 | OK | ||||
r-devel-linux-x86_64-debian-gcc | 1.0.5 | 2.13 | 15.47 | 17.60 | OK | |
r-devel-linux-x86_64-fedora-clang | 1.0.5 | 27.89 | NOTE | |||
r-devel-linux-x86_64-fedora-gcc | 1.0.5 | 26.68 | OK | |||
r-devel-windows-x86_64 | 1.0.5 | 8.00 | 34.00 | 42.00 | NOTE | |
r-patched-linux-x86_64 | 1.0.5 | 6.50 | 19.47 | 25.97 | OK | |
r-release-linux-x86_64 | 1.0.5 | 7.88 | 19.51 | 27.39 | OK | |
r-release-macos-arm64 | 1.0.5 | 13.00 | NOTE | |||
r-release-macos-x86_64 | 1.0.5 | 22.00 | NOTE | |||
r-release-windows-x86_64 | 1.0.5 | 8.00 | 34.00 | 42.00 | NOTE | |
r-oldrel-macos-arm64 | 1.0.5 | 13.00 | NOTE | |||
r-oldrel-macos-x86_64 | 1.0.5 | 17.00 | NOTE | |||
r-oldrel-windows-x86_64 | 1.0.5 | 9.00 | 33.00 | 42.00 | NOTE |
Version: 1.0.5
Check: installed package size
Result: NOTE
installed size is 10.3Mb
sub-directories of 1Mb or more:
datasets 10.2Mb
Flavors: r-devel-linux-x86_64-fedora-clang, r-devel-windows-x86_64, r-release-macos-arm64, r-release-macos-x86_64, r-release-windows-x86_64, r-oldrel-macos-arm64, r-oldrel-macos-x86_64, r-oldrel-windows-x86_64