Last updated on 2024-08-16 15:49:41 CEST.
Flavor | Version | Tinstall | Tcheck | Ttotal | Status | Flags |
---|---|---|---|---|---|---|
r-devel-linux-x86_64-debian-clang | 3.1-8 | 15.06 | 61.40 | 76.46 | NOTE | |
r-devel-linux-x86_64-debian-gcc | 3.1-8 | 11.81 | 45.77 | 57.58 | NOTE | |
r-devel-linux-x86_64-fedora-clang | 3.1-8 | 127.31 | NOTE | |||
r-devel-linux-x86_64-fedora-gcc | 3.1-8 | 119.90 | NOTE | |||
r-devel-windows-x86_64 | 3.1-8 | 19.00 | 89.00 | 108.00 | NOTE | |
r-patched-linux-x86_64 | 3.1-8 | 15.17 | 57.70 | 72.87 | NOTE | |
r-release-linux-x86_64 | 3.1-8 | 15.82 | 57.89 | 73.71 | NOTE | |
r-release-macos-arm64 | 3.1-8 | 42.00 | NOTE | |||
r-release-macos-x86_64 | 3.1-8 | 61.00 | NOTE | |||
r-release-windows-x86_64 | 3.1-8 | 20.00 | 88.00 | 108.00 | NOTE | |
r-oldrel-macos-arm64 | 3.1-8 | 49.00 | NOTE | |||
r-oldrel-macos-x86_64 | 3.1-8 | 68.00 | NOTE | |||
r-oldrel-windows-x86_64 | 3.1-8 | 24.00 | 106.00 | 130.00 | NOTE |
Version: 3.1-8
Check: C++ specification
Result: NOTE
Specified C++11: please drop specification unless essential
Flavors: r-devel-linux-x86_64-debian-clang, r-devel-linux-x86_64-debian-gcc, r-devel-linux-x86_64-fedora-clang, r-devel-linux-x86_64-fedora-gcc, r-devel-windows-x86_64, r-patched-linux-x86_64, r-release-linux-x86_64, r-release-macos-arm64, r-release-macos-x86_64, r-release-windows-x86_64, r-oldrel-macos-arm64, r-oldrel-macos-x86_64, r-oldrel-windows-x86_64