Last updated on 2024-07-12 02:51:19 CEST.
Flavor | Version | Tinstall | Tcheck | Ttotal | Status | Flags |
---|---|---|---|---|---|---|
r-devel-linux-x86_64-debian-clang | 1.4.0 | 5.10 | 200.66 | 205.76 | OK | |
r-devel-linux-x86_64-debian-gcc | 1.4.0 | 5.36 | 153.19 | 158.55 | OK | |
r-devel-linux-x86_64-fedora-clang | 1.4.0 | 274.52 | OK | |||
r-devel-linux-x86_64-fedora-gcc | 1.4.0 | 265.33 | OK | |||
r-devel-windows-x86_64 | 1.4.0 | 7.00 | 183.00 | 190.00 | OK | |
r-patched-linux-x86_64 | 1.4.0 | 7.33 | 192.46 | 199.79 | OK | |
r-release-linux-x86_64 | 1.4.0 | 5.32 | 190.16 | 195.48 | OK | |
r-release-macos-arm64 | 1.4.0 | 74.00 | OK | |||
r-release-macos-x86_64 | 1.4.0 | 121.00 | NOTE | |||
r-release-windows-x86_64 | 1.4.0 | 7.00 | 184.00 | 191.00 | OK | |
r-oldrel-macos-arm64 | 1.4.0 | 83.00 | NOTE | |||
r-oldrel-macos-x86_64 | 1.4.0 | 210.00 | NOTE | |||
r-oldrel-windows-x86_64 | 1.4.0 | 8.00 | 216.00 | 224.00 | OK |
Version: 1.4.0
Check: package dependencies
Result: NOTE
Package suggested but not available for checking: ‘arrow’
Flavor: r-release-macos-x86_64
Version: 1.4.0
Check: package dependencies
Result: NOTE
Package suggested but not available for checking: ‘Spectra’
Flavors: r-oldrel-macos-arm64, r-oldrel-macos-x86_64