Last updated on 2024-08-16 15:49:40 CEST.
Flavor | Version | Tinstall | Tcheck | Ttotal | Status | Flags |
---|---|---|---|---|---|---|
r-devel-linux-x86_64-debian-clang | 0.2.2 | 12.83 | 101.33 | 114.16 | NOTE | |
r-devel-linux-x86_64-debian-gcc | 0.2.2 | 8.84 | 72.36 | 81.20 | NOTE | |
r-devel-linux-x86_64-fedora-clang | 0.2.2 | 176.82 | NOTE | |||
r-devel-linux-x86_64-fedora-gcc | 0.2.2 | 168.90 | NOTE | |||
r-devel-windows-x86_64 | 0.2.2 | 13.00 | 100.00 | 113.00 | NOTE | |
r-patched-linux-x86_64 | 0.2.2 | 12.77 | 93.47 | 106.24 | NOTE | |
r-release-linux-x86_64 | 0.2.2 | 12.88 | 94.92 | 107.80 | NOTE | |
r-release-macos-arm64 | 0.2.2 | 51.00 | NOTE | |||
r-release-macos-x86_64 | 0.2.2 | 71.00 | NOTE | |||
r-release-windows-x86_64 | 0.2.2 | 13.00 | 99.00 | 112.00 | NOTE | |
r-oldrel-macos-arm64 | 0.2.2 | 53.00 | NOTE | |||
r-oldrel-macos-x86_64 | 0.2.2 | 90.00 | NOTE | |||
r-oldrel-windows-x86_64 | 0.2.2 | 17.00 | 127.00 | 144.00 | NOTE |
Version: 0.2.2
Check: LazyData
Result: NOTE
'LazyData' is specified without a 'data' directory
Flavors: r-devel-linux-x86_64-debian-clang, r-devel-linux-x86_64-debian-gcc, r-devel-linux-x86_64-fedora-clang, r-devel-linux-x86_64-fedora-gcc, r-devel-windows-x86_64, r-patched-linux-x86_64, r-release-linux-x86_64, r-release-macos-arm64, r-release-macos-x86_64, r-release-windows-x86_64, r-oldrel-macos-arm64, r-oldrel-macos-x86_64, r-oldrel-windows-x86_64