Last updated on 2024-08-16 15:49:40 CEST.
Flavor | Version | Tinstall | Tcheck | Ttotal | Status | Flags |
---|---|---|---|---|---|---|
r-devel-linux-x86_64-debian-clang | 0.3.14 | 78.05 | 29.26 | 107.31 | NOTE | |
r-devel-linux-x86_64-debian-gcc | 0.3.14 | 57.91 | 22.70 | 80.61 | NOTE | |
r-devel-linux-x86_64-fedora-clang | 0.3.14 | 212.66 | NOTE | |||
r-devel-linux-x86_64-fedora-gcc | 0.3.14 | 237.01 | NOTE | |||
r-devel-windows-x86_64 | 0.3.14 | 80.00 | 166.00 | 246.00 | NOTE | |
r-patched-linux-x86_64 | 0.3.14 | 81.90 | 27.76 | 109.66 | NOTE | |
r-release-linux-x86_64 | 0.3.14 | 80.02 | 27.57 | 107.59 | NOTE | |
r-release-macos-arm64 | 0.3.14 | 7.00 | ERROR | |||
r-release-macos-x86_64 | 0.3.14 | 81.00 | NOTE | |||
r-release-windows-x86_64 | 0.3.14 | 83.00 | 152.00 | 235.00 | NOTE | |
r-oldrel-macos-arm64 | 0.3.14 | 13.00 | ERROR | |||
r-oldrel-macos-x86_64 | 0.3.14 | 130.00 | NOTE | |||
r-oldrel-windows-x86_64 | 0.3.14 | 78.00 | 170.00 | 248.00 | NOTE |
Version: 0.3.14
Check: C++ specification
Result: NOTE
Specified C++11: please drop specification unless essential
Flavors: r-devel-linux-x86_64-debian-clang, r-devel-linux-x86_64-debian-gcc, r-devel-linux-x86_64-fedora-clang, r-devel-linux-x86_64-fedora-gcc, r-devel-windows-x86_64, r-patched-linux-x86_64, r-release-linux-x86_64, r-release-macos-x86_64, r-release-windows-x86_64, r-oldrel-macos-x86_64, r-oldrel-windows-x86_64
Version: 0.3.14
Check: installed package size
Result: NOTE
installed size is 8.6Mb
sub-directories of 1Mb or more:
blp 7.1Mb
Flavors: r-devel-linux-x86_64-fedora-clang, r-devel-windows-x86_64, r-release-macos-x86_64, r-release-windows-x86_64, r-oldrel-macos-x86_64, r-oldrel-windows-x86_64
Version: 0.3.14
Check: whether package can be installed
Result: ERROR
Installation failed.
Flavors: r-release-macos-arm64, r-oldrel-macos-arm64