Last updated on 2024-06-15 15:49:15 CEST.
Flavor | Version | Tinstall | Tcheck | Ttotal | Status | Flags |
---|---|---|---|---|---|---|
r-devel-linux-x86_64-debian-clang | 1.0.2 | 22.53 | 162.79 | 185.32 | NOTE | |
r-devel-linux-x86_64-debian-gcc | 1.0.2 | 16.62 | 120.72 | 137.34 | NOTE | |
r-devel-linux-x86_64-fedora-clang | 1.0.2 | 244.00 | NOTE | |||
r-devel-linux-x86_64-fedora-gcc | 1.0.2 | 231.06 | NOTE | |||
r-devel-windows-x86_64 | 1.0.2 | 26.00 | 239.00 | 265.00 | NOTE | |
r-patched-linux-x86_64 | 1.0.2 | 27.29 | 156.87 | 184.16 | NOTE | |
r-release-linux-x86_64 | 1.0.2 | 20.72 | 160.39 | 181.11 | NOTE | |
r-release-macos-arm64 | 1.0.2 | 83.00 | NOTE | |||
r-release-macos-x86_64 | 1.0.2 | 105.00 | NOTE | |||
r-release-windows-x86_64 | 1.0.2 | 22.00 | 221.00 | 243.00 | NOTE | |
r-oldrel-macos-arm64 | 1.0.2 | 68.00 | NOTE | |||
r-oldrel-macos-x86_64 | 1.0.2 | 111.00 | NOTE | |||
r-oldrel-windows-x86_64 | 1.0.2 | 22.00 | 178.00 | 200.00 | NOTE |
Version: 1.0.2
Check: LazyData
Result: NOTE
'LazyData' is specified without a 'data' directory
Flavors: r-devel-linux-x86_64-debian-clang, r-devel-linux-x86_64-debian-gcc, r-devel-linux-x86_64-fedora-clang, r-devel-linux-x86_64-fedora-gcc, r-devel-windows-x86_64, r-patched-linux-x86_64, r-release-linux-x86_64, r-release-macos-arm64, r-release-macos-x86_64, r-release-windows-x86_64, r-oldrel-macos-arm64, r-oldrel-macos-x86_64, r-oldrel-windows-x86_64