Last updated on 2024-06-26 15:54:54 CEST.
Flavor | Version | Tinstall | Tcheck | Ttotal | Status | Flags |
---|---|---|---|---|---|---|
r-devel-linux-x86_64-debian-clang | 1.1.4 | NOTE | ||||
r-devel-linux-x86_64-debian-gcc | 1.1.4 | 18.73 | 130.32 | 149.05 | NOTE | |
r-devel-linux-x86_64-fedora-clang | 1.1.4 | 261.49 | NOTE | |||
r-devel-linux-x86_64-fedora-gcc | 1.1.4 | 250.74 | NOTE | |||
r-devel-windows-x86_64 | 1.1.4 | 27.00 | 184.00 | 211.00 | NOTE | |
r-patched-linux-x86_64 | 1.1.4 | 24.91 | 169.51 | 194.42 | NOTE | |
r-release-linux-x86_64 | 1.1.4 | 24.29 | 168.87 | 193.16 | NOTE | |
r-release-macos-arm64 | 1.1.4 | 92.00 | NOTE | |||
r-release-macos-x86_64 | 1.1.4 | 117.00 | NOTE | |||
r-release-windows-x86_64 | 1.1.4 | 24.00 | 202.00 | 226.00 | NOTE | |
r-oldrel-macos-arm64 | 1.1.4 | 69.00 | NOTE | |||
r-oldrel-macos-x86_64 | 1.1.4 | 113.00 | NOTE | |||
r-oldrel-windows-x86_64 | 1.1.4 | 24.00 | 165.00 | 189.00 | NOTE |
Version: 1.1.4
Check: LazyData
Result: NOTE
'LazyData' is specified without a 'data' directory
Flavors: r-devel-linux-x86_64-debian-clang, r-devel-linux-x86_64-debian-gcc, r-devel-linux-x86_64-fedora-clang, r-devel-linux-x86_64-fedora-gcc, r-devel-windows-x86_64, r-patched-linux-x86_64, r-release-linux-x86_64, r-release-macos-arm64, r-release-macos-x86_64, r-release-windows-x86_64, r-oldrel-macos-arm64, r-oldrel-macos-x86_64, r-oldrel-windows-x86_64