Last updated on 2024-07-12 02:51:19 CEST.
Flavor | Version | Tinstall | Tcheck | Ttotal | Status | Flags |
---|---|---|---|---|---|---|
r-devel-linux-x86_64-debian-clang | 0.0.9 | 52.85 | 45.64 | 98.49 | NOTE | |
r-devel-linux-x86_64-debian-gcc | 0.0.9 | 35.67 | 34.66 | 70.33 | NOTE | |
r-devel-windows-x86_64 | 0.0.9 | 39.00 | 69.00 | 108.00 | NOTE | |
r-patched-linux-x86_64 | 0.0.9 | 40.87 | 42.85 | 83.72 | NOTE | |
r-release-linux-x86_64 | 0.0.9 | 43.12 | 42.78 | 85.90 | NOTE | |
r-release-macos-arm64 | 0.0.9 | 35.00 | NOTE | |||
r-release-macos-x86_64 | 0.0.9 | 52.00 | NOTE | |||
r-release-windows-x86_64 | 0.0.9 | 39.00 | 72.00 | 111.00 | NOTE | |
r-oldrel-macos-arm64 | 0.0.9 | 39.00 | NOTE | |||
r-oldrel-macos-x86_64 | 0.0.9 | 61.00 | NOTE | |||
r-oldrel-windows-x86_64 | 0.0.9 | 41.00 | 76.00 | 117.00 | NOTE |
Version: 0.0.9
Check: C++ specification
Result: NOTE
Specified C++11: please drop specification unless essential
Flavors: r-devel-linux-x86_64-debian-clang, r-devel-linux-x86_64-debian-gcc, r-devel-windows-x86_64, r-patched-linux-x86_64, r-release-linux-x86_64, r-release-macos-arm64, r-release-macos-x86_64, r-release-windows-x86_64, r-oldrel-macos-arm64, r-oldrel-macos-x86_64, r-oldrel-windows-x86_64