Last updated on 2024-08-16 03:49:35 CEST.
Flavor | Version | Tinstall | Tcheck | Ttotal | Status | Flags |
---|---|---|---|---|---|---|
r-devel-linux-x86_64-debian-clang | 0.1.6.2 | 19.49 | 29.02 | 48.51 | NOTE | |
r-devel-linux-x86_64-debian-gcc | 0.1.6.2 | 15.61 | 21.77 | 37.38 | NOTE | |
r-devel-linux-x86_64-fedora-clang | 0.1.6.2 | 86.98 | NOTE | |||
r-devel-linux-x86_64-fedora-gcc | 0.1.6.2 | 92.30 | NOTE | |||
r-devel-windows-x86_64 | 0.1.6.2 | 24.00 | 68.00 | 92.00 | NOTE | |
r-patched-linux-x86_64 | 0.1.6.2 | 21.35 | 27.47 | 48.82 | NOTE | |
r-release-linux-x86_64 | 0.1.6.2 | 21.06 | 28.00 | 49.06 | NOTE | |
r-release-macos-arm64 | 0.1.6.2 | 9.00 | ERROR | |||
r-release-macos-x86_64 | 0.1.6.2 | 15.00 | ERROR | |||
r-release-windows-x86_64 | 0.1.6.2 | 24.00 | 76.00 | 100.00 | NOTE | |
r-oldrel-macos-arm64 | 0.1.6.2 | 15.00 | ERROR | |||
r-oldrel-macos-x86_64 | 0.1.6.2 | 21.00 | ERROR | |||
r-oldrel-windows-x86_64 | 0.1.6.2 | 27.00 | 75.00 | 102.00 | NOTE |
Version: 0.1.6.2
Check: LazyData
Result: NOTE
'LazyData' is specified without a 'data' directory
Flavors: r-devel-linux-x86_64-debian-clang, r-devel-linux-x86_64-debian-gcc, r-devel-linux-x86_64-fedora-clang, r-devel-linux-x86_64-fedora-gcc, r-devel-windows-x86_64, r-patched-linux-x86_64, r-release-linux-x86_64, r-release-windows-x86_64, r-oldrel-windows-x86_64
Version: 0.1.6.2
Check: whether package can be installed
Result: ERROR
Installation failed.
Flavors: r-release-macos-arm64, r-release-macos-x86_64, r-oldrel-macos-arm64, r-oldrel-macos-x86_64