Last updated on 2024-08-16 15:49:41 CEST.
Flavor | Version | Tinstall | Tcheck | Ttotal | Status | Flags |
---|---|---|---|---|---|---|
r-devel-linux-x86_64-debian-clang | 3.1.0 | 36.12 | 134.94 | 171.06 | OK | |
r-devel-linux-x86_64-debian-gcc | 3.1.0 | 26.06 | 90.03 | 116.09 | OK | |
r-devel-linux-x86_64-fedora-clang | 3.1.0 | 319.09 | NOTE | |||
r-devel-linux-x86_64-fedora-gcc | 3.1.0 | 449.47 | OK | |||
r-devel-windows-x86_64 | 3.1.0 | 60.00 | 300.00 | 360.00 | OK | |
r-patched-linux-x86_64 | 3.1.0 | 35.85 | 126.28 | 162.13 | OK | |
r-release-linux-x86_64 | 3.1.0 | 34.37 | 128.47 | 162.84 | OK | |
r-release-macos-arm64 | 3.1.0 | 246.00 | OK | |||
r-release-macos-x86_64 | 3.1.0 | 388.00 | OK | |||
r-release-windows-x86_64 | 3.1.0 | 62.00 | 301.00 | 363.00 | OK | |
r-oldrel-macos-arm64 | 3.1.0 | 225.00 | OK | |||
r-oldrel-macos-x86_64 | 3.1.0 | 497.00 | OK | |||
r-oldrel-windows-x86_64 | 3.1.0 | 68.00 | 332.00 | 400.00 | OK |
Version: 3.1.0
Check: Rd cross-references
Result: NOTE
Undeclared packages ‘bridgesampling’, ‘rstan’, ‘extraDistr’ in Rd xrefs
Flavor: r-devel-linux-x86_64-fedora-clang