Last updated on 2024-08-16 15:49:42 CEST.
Flavor | Version | Tinstall | Tcheck | Ttotal | Status | Flags |
---|---|---|---|---|---|---|
r-devel-linux-x86_64-debian-clang | 1.1.1 | 22.77 | 408.11 | 430.88 | NOTE | |
r-devel-linux-x86_64-debian-gcc | 1.1.1 | 19.03 | 251.96 | 270.99 | NOTE | |
r-devel-linux-x86_64-fedora-clang | 1.1.1 | 707.25 | OK | |||
r-devel-linux-x86_64-fedora-gcc | 1.1.1 | 718.49 | OK | |||
r-devel-windows-x86_64 | 1.1.1 | 16.00 | 334.00 | 350.00 | NOTE | |
r-patched-linux-x86_64 | 1.1.1 | 28.14 | 386.03 | 414.17 | OK | |
r-release-linux-x86_64 | 1.1.1 | 22.66 | 389.04 | 411.70 | OK | |
r-release-macos-arm64 | 1.1.1 | 151.00 | OK | |||
r-release-macos-x86_64 | 1.1.1 | 327.00 | OK | |||
r-release-windows-x86_64 | 1.1.1 | 16.00 | 337.00 | 353.00 | OK | |
r-oldrel-macos-arm64 | 1.1.1 | 176.00 | OK | |||
r-oldrel-macos-x86_64 | 1.1.1 | 381.00 | OK | |||
r-oldrel-windows-x86_64 | 1.1.1 | 21.00 | 474.00 | 495.00 | OK |
Version: 1.1.1
Check: Rd cross-references
Result: NOTE
Found the following Rd file(s) with Rd \link{} targets missing package
anchors:
get_OC.Rd: decision2S
Please provide package anchors for all Rd \link{} targets not in the
package itself and the base packages.
Flavors: r-devel-linux-x86_64-debian-clang, r-devel-linux-x86_64-debian-gcc, r-devel-windows-x86_64