Last updated on 2024-08-16 15:49:42 CEST.
Flavor | Version | Tinstall | Tcheck | Ttotal | Status | Flags |
---|---|---|---|---|---|---|
r-devel-linux-x86_64-debian-clang | 1.0.0 | 6.75 | 87.66 | 94.41 | NOTE | |
r-devel-linux-x86_64-debian-gcc | 1.0.0 | 4.86 | 65.27 | 70.13 | NOTE | |
r-devel-linux-x86_64-fedora-clang | 1.0.0 | 151.56 | NOTE | |||
r-devel-linux-x86_64-fedora-gcc | 1.0.0 | 177.43 | NOTE | |||
r-devel-windows-x86_64 | 1.0.0 | 8.00 | 98.00 | 106.00 | NOTE | |
r-patched-linux-x86_64 | 1.0.0 | 5.75 | 84.93 | 90.68 | NOTE | |
r-release-linux-x86_64 | 1.0.0 | 6.70 | 85.46 | 92.16 | NOTE | |
r-release-macos-arm64 | 1.0.0 | 43.00 | NOTE | |||
r-release-macos-x86_64 | 1.0.0 | 75.00 | NOTE | |||
r-release-windows-x86_64 | 1.0.0 | 8.00 | 98.00 | 106.00 | NOTE | |
r-oldrel-macos-arm64 | 1.0.0 | 58.00 | NOTE | |||
r-oldrel-macos-x86_64 | 1.0.0 | 94.00 | NOTE | |||
r-oldrel-windows-x86_64 | 1.0.0 | 9.00 | 119.00 | 128.00 | NOTE |
Version: 1.0.0
Check: LazyData
Result: NOTE
'LazyData' is specified without a 'data' directory
Flavors: r-devel-linux-x86_64-debian-clang, r-devel-linux-x86_64-debian-gcc, r-devel-linux-x86_64-fedora-clang, r-devel-linux-x86_64-fedora-gcc, r-devel-windows-x86_64, r-patched-linux-x86_64, r-release-linux-x86_64, r-release-macos-arm64, r-release-macos-x86_64, r-release-windows-x86_64, r-oldrel-macos-arm64, r-oldrel-macos-x86_64, r-oldrel-windows-x86_64
Version: 1.0.0
Check: dependencies in R code
Result: NOTE
Namespace in Imports field not imported from: ‘network’
All declared Imports should be used.
Flavors: r-devel-linux-x86_64-fedora-clang, r-devel-linux-x86_64-fedora-gcc