Last updated on 2024-08-16 15:49:42 CEST.
Flavor | Version | Tinstall | Tcheck | Ttotal | Status | Flags |
---|---|---|---|---|---|---|
r-devel-linux-x86_64-debian-clang | 0.4.0 | 5.87 | 187.64 | 193.51 | NOTE | |
r-devel-linux-x86_64-debian-gcc | 0.4.0 | 4.33 | 122.77 | 127.10 | NOTE | |
r-devel-linux-x86_64-fedora-clang | 0.4.0 | 297.91 | OK | |||
r-devel-linux-x86_64-fedora-gcc | 0.4.0 | 293.20 | OK | |||
r-devel-windows-x86_64 | 0.4.0 | 8.00 | 180.00 | 188.00 | NOTE | |
r-patched-linux-x86_64 | 0.4.0 | 11.57 | 176.80 | 188.37 | OK | |
r-release-linux-x86_64 | 0.4.0 | 6.58 | 176.78 | 183.36 | OK | |
r-release-macos-arm64 | 0.4.0 | 93.00 | OK | |||
r-release-macos-x86_64 | 0.4.0 | 148.00 | OK | |||
r-release-windows-x86_64 | 0.4.0 | 8.00 | 179.00 | 187.00 | OK | |
r-oldrel-macos-arm64 | 0.4.0 | 86.00 | OK | |||
r-oldrel-macos-x86_64 | 0.4.0 | 252.00 | OK | |||
r-oldrel-windows-x86_64 | 0.4.0 | 10.00 | 231.00 | 241.00 | OK |
Version: 0.4.0
Check: Rd cross-references
Result: NOTE
Found the following Rd file(s) with Rd \link{} targets missing package
anchors:
joins.Rd: show_query
Please provide package anchors for all Rd \link{} targets not in the
package itself and the base packages.
Flavors: r-devel-linux-x86_64-debian-clang, r-devel-linux-x86_64-debian-gcc, r-devel-windows-x86_64