Last updated on 2024-08-16 15:49:44 CEST.
Flavor | Version | Tinstall | Tcheck | Ttotal | Status | Flags |
---|---|---|---|---|---|---|
r-devel-linux-x86_64-debian-clang | 1.4.2 | 13.05 | 303.97 | 317.02 | NOTE | |
r-devel-linux-x86_64-debian-gcc | 1.4.2 | 9.01 | 204.52 | 213.53 | NOTE | |
r-devel-linux-x86_64-fedora-clang | 1.4.2 | 529.73 | OK | |||
r-devel-linux-x86_64-fedora-gcc | 1.4.2 | 500.47 | OK | |||
r-devel-windows-x86_64 | 1.4.2 | 15.00 | 378.00 | 393.00 | NOTE | |
r-patched-linux-x86_64 | 1.4.2 | 19.10 | 272.47 | 291.57 | OK | |
r-release-linux-x86_64 | 1.4.2 | 12.29 | 266.91 | 279.20 | OK | |
r-release-macos-arm64 | 1.4.2 | 183.00 | OK | |||
r-release-macos-x86_64 | 1.4.2 | 395.00 | OK | |||
r-release-windows-x86_64 | 1.4.2 | 16.00 | 372.00 | 388.00 | OK | |
r-oldrel-macos-arm64 | 1.4.2 | 173.00 | OK | |||
r-oldrel-macos-x86_64 | 1.4.2 | 407.00 | OK | |||
r-oldrel-windows-x86_64 | 1.4.2 | 20.00 | 434.00 | 454.00 | OK |
Version: 1.4.2
Check: Rd cross-references
Result: NOTE
Found the following Rd file(s) with Rd \link{} targets missing package
anchors:
plot.Rd: viridis
Please provide package anchors for all Rd \link{} targets not in the
package itself and the base packages.
Flavors: r-devel-linux-x86_64-debian-clang, r-devel-linux-x86_64-debian-gcc, r-devel-windows-x86_64