Last updated on 2024-06-26 15:54:58 CEST.
Flavor | Version | Tinstall | Tcheck | Ttotal | Status | Flags |
---|---|---|---|---|---|---|
r-devel-linux-x86_64-debian-clang | 0.0.3 | OK | ||||
r-devel-linux-x86_64-debian-gcc | 0.0.3 | 30.18 | 158.30 | 188.48 | OK | |
r-devel-linux-x86_64-fedora-clang | 0.0.3 | 316.28 | NOTE | |||
r-devel-linux-x86_64-fedora-gcc | 0.0.3 | 293.89 | OK | |||
r-devel-windows-x86_64 | 0.0.3 | 21.00 | 151.00 | 172.00 | OK | |
r-patched-linux-x86_64 | 0.0.3 | 28.93 | 211.89 | 240.82 | OK | |
r-release-linux-x86_64 | 0.0.3 | 25.86 | 207.85 | 233.71 | OK | |
r-release-macos-arm64 | 0.0.3 | 86.00 | OK | |||
r-release-macos-x86_64 | 0.0.3 | 144.00 | OK | |||
r-release-windows-x86_64 | 0.0.3 | 22.00 | 153.00 | 175.00 | OK | |
r-oldrel-macos-arm64 | 0.0.3 | 87.00 | OK | |||
r-oldrel-macos-x86_64 | 0.0.3 | 172.00 | OK | |||
r-oldrel-windows-x86_64 | 0.0.3 | 28.00 | 190.00 | 218.00 | OK |
Version: 0.0.3
Check: installed package size
Result: NOTE
installed size is 5.0Mb
sub-directories of 1Mb or more:
extdata 4.2Mb
Flavor: r-devel-linux-x86_64-fedora-clang