Last updated on 2024-08-16 15:49:43 CEST.
Flavor | Version | Tinstall | Tcheck | Ttotal | Status | Flags |
---|---|---|---|---|---|---|
r-devel-linux-x86_64-debian-clang | 1.0.6 | 32.35 | 276.72 | 309.07 | NOTE | |
r-devel-linux-x86_64-debian-gcc | 1.0.6 | 25.12 | 181.89 | 207.01 | NOTE | |
r-devel-linux-x86_64-fedora-clang | 1.0.6 | 517.29 | NOTE | |||
r-devel-linux-x86_64-fedora-gcc | 1.0.6 | 499.65 | NOTE | |||
r-devel-windows-x86_64 | 1.0.6 | 35.00 | 233.00 | 268.00 | NOTE | |
r-patched-linux-x86_64 | 1.0.6 | 27.56 | 258.12 | 285.68 | OK | |
r-release-linux-x86_64 | 1.0.6 | 30.36 | 261.32 | 291.68 | OK | |
r-release-macos-arm64 | 1.0.6 | 115.00 | OK | |||
r-release-macos-x86_64 | 1.0.6 | 191.00 | OK | |||
r-release-windows-x86_64 | 1.0.6 | 34.00 | 232.00 | 266.00 | OK | |
r-oldrel-macos-arm64 | 1.0.6 | 142.00 | OK | |||
r-oldrel-macos-x86_64 | 1.0.6 | 428.00 | OK | |||
r-oldrel-windows-x86_64 | 1.0.6 | 45.00 | 308.00 | 353.00 | OK |
Version: 1.0.6
Check: Rd cross-references
Result: NOTE
Found the following Rd file(s) with Rd \link{} targets missing package
anchors:
adjustModel.Rd: nsga2
resistanceFromShape.Rd: raster-package, rasterize, RasterLayer-class
Please provide package anchors for all Rd \link{} targets not in the
package itself and the base packages.
Flavors: r-devel-linux-x86_64-debian-clang, r-devel-linux-x86_64-debian-gcc, r-devel-windows-x86_64
Version: 1.0.6
Check: compiled code
Result: NOTE
File ‘SiMRiv/libs/SiMRiv.so’:
Found non-API call to R: ‘SET_TYPEOF’
Compiled code should not call non-API entry points in R.
See ‘Writing portable packages’ in the ‘Writing R Extensions’ manual,
and section ‘Moving into C API compliance’ for issues with the use of
non-API entry points.
Flavors: r-devel-linux-x86_64-debian-clang, r-devel-linux-x86_64-debian-gcc, r-devel-linux-x86_64-fedora-clang, r-devel-linux-x86_64-fedora-gcc
Version: 1.0.6
Check: compiled code
Result: NOTE
File 'SiMRiv/libs/x64/SiMRiv.dll':
Found non-API call to R: 'SET_TYPEOF'
Compiled code should not call non-API entry points in R.
See 'Writing portable packages' in the 'Writing R Extensions' manual,
and section 'Moving into C API compliance' for issues with the use of
non-API entry points.
Flavor: r-devel-windows-x86_64