Last updated on 2024-07-12 02:51:22 CEST.
Flavor | Version | Tinstall | Tcheck | Ttotal | Status | Flags |
---|---|---|---|---|---|---|
r-devel-linux-x86_64-debian-clang | 1.1.0 | 26.81 | 93.26 | 120.07 | NOTE | |
r-devel-linux-x86_64-debian-gcc | 1.1.0 | 20.45 | 66.22 | 86.67 | NOTE | |
r-devel-linux-x86_64-fedora-clang | 1.1.0 | 154.89 | NOTE | |||
r-devel-linux-x86_64-fedora-gcc | 1.1.0 | 166.75 | NOTE | |||
r-devel-windows-x86_64 | 1.1.0 | 23.00 | 95.00 | 118.00 | NOTE | |
r-patched-linux-x86_64 | 1.1.0 | 24.89 | 88.59 | 113.48 | NOTE | |
r-release-linux-x86_64 | 1.1.0 | 18.69 | 88.55 | 107.24 | NOTE | |
r-release-macos-arm64 | 1.1.0 | 44.00 | NOTE | |||
r-release-macos-x86_64 | 1.1.0 | 64.00 | NOTE | |||
r-release-windows-x86_64 | 1.1.0 | 23.00 | 96.00 | 119.00 | NOTE | |
r-oldrel-macos-arm64 | 1.1.0 | 51.00 | OK | |||
r-oldrel-macos-x86_64 | 1.1.0 | 88.00 | OK | |||
r-oldrel-windows-x86_64 | 1.1.0 | 29.00 | 119.00 | 148.00 | OK |
Version: 1.1.0
Check: Rd files
Result: NOTE
checkRd: (-1) sim.bdh.age.Rd:66: Lost braces in \itemize; meant \describe ?
checkRd: (-1) sim.bdh.age.Rd:67: Lost braces in \itemize; meant \describe ?
checkRd: (-1) sim.bdh.age.Rd:68: Lost braces in \itemize; meant \describe ?
checkRd: (-1) sim.bdh.age.Rd:69: Lost braces in \itemize; meant \describe ?
checkRd: (-1) sim.bdh.age.Rd:70: Lost braces in \itemize; meant \describe ?
checkRd: (-1) sim.bdh.taxa.gsa.Rd:69: Lost braces in \itemize; meant \describe ?
checkRd: (-1) sim.bdh.taxa.gsa.Rd:70: Lost braces in \itemize; meant \describe ?
checkRd: (-1) sim.bdh.taxa.gsa.Rd:71: Lost braces in \itemize; meant \describe ?
checkRd: (-1) sim.bdh.taxa.gsa.Rd:72: Lost braces in \itemize; meant \describe ?
checkRd: (-1) sim.bdh.taxa.gsa.Rd:73: Lost braces in \itemize; meant \describe ?
checkRd: (-1) sim.bdh.taxa.ssa.Rd:66: Lost braces in \itemize; meant \describe ?
checkRd: (-1) sim.bdh.taxa.ssa.Rd:67: Lost braces in \itemize; meant \describe ?
checkRd: (-1) sim.bdh.taxa.ssa.Rd:68: Lost braces in \itemize; meant \describe ?
checkRd: (-1) sim.bdh.taxa.ssa.Rd:69: Lost braces in \itemize; meant \describe ?
checkRd: (-1) sim.bdh.taxa.ssa.Rd:70: Lost braces in \itemize; meant \describe ?
Flavors: r-devel-linux-x86_64-debian-clang, r-devel-linux-x86_64-debian-gcc, r-devel-linux-x86_64-fedora-clang, r-devel-linux-x86_64-fedora-gcc, r-devel-windows-x86_64, r-patched-linux-x86_64, r-release-linux-x86_64, r-release-macos-arm64, r-release-macos-x86_64, r-release-windows-x86_64