Last updated on 2024-06-26 15:54:57 CEST.
Flavor | Version | Tinstall | Tcheck | Ttotal | Status | Flags |
---|---|---|---|---|---|---|
r-devel-linux-x86_64-debian-clang | 2.2.5 | OK | ||||
r-devel-linux-x86_64-debian-gcc | 2.2.5 | 7.10 | 76.40 | 83.50 | OK | |
r-devel-linux-x86_64-fedora-clang | 2.2.5 | 139.15 | OK | |||
r-devel-linux-x86_64-fedora-gcc | 2.2.5 | 155.05 | OK | |||
r-devel-windows-x86_64 | 2.2.5 | 9.00 | 94.00 | 103.00 | OK | |
r-patched-linux-x86_64 | 2.2.5 | 7.07 | 97.04 | 104.11 | OK | |
r-release-linux-x86_64 | 2.2.5 | 6.36 | 95.96 | 102.32 | OK | |
r-release-macos-arm64 | 2.2.5 | 53.00 | OK | |||
r-release-macos-x86_64 | 2.2.5 | 80.00 | OK | |||
r-release-windows-x86_64 | 2.2.5 | 9.00 | 94.00 | 103.00 | OK | |
r-oldrel-macos-arm64 | 2.2.5 | 58.00 | NOTE | |||
r-oldrel-macos-x86_64 | 2.2.5 | 86.00 | NOTE | |||
r-oldrel-windows-x86_64 | 2.2.5 | 13.00 | 112.00 | 125.00 | OK |
Version: 2.2.5
Check: package dependencies
Result: NOTE
Package suggested but not available for checking: ‘rhdf5’
Flavors: r-oldrel-macos-arm64, r-oldrel-macos-x86_64