Last updated on 2024-06-15 15:49:18 CEST.
Flavor | Version | Tinstall | Tcheck | Ttotal | Status | Flags |
---|---|---|---|---|---|---|
r-devel-linux-x86_64-debian-clang | 1.6.2 | 66.48 | 99.79 | 166.27 | OK | |
r-devel-linux-x86_64-debian-gcc | 1.6.2 | 41.29 | 78.89 | 120.18 | OK | |
r-devel-linux-x86_64-fedora-clang | 1.6.2 | 203.46 | NOTE | |||
r-devel-linux-x86_64-fedora-gcc | 1.6.2 | 210.66 | NOTE | |||
r-devel-windows-x86_64 | 1.6.2 | 41.00 | 107.00 | 148.00 | NOTE | |
r-patched-linux-x86_64 | 1.6.2 | 47.82 | 98.64 | 146.46 | OK | |
r-release-linux-x86_64 | 1.6.2 | 50.66 | 100.71 | 151.37 | OK | |
r-release-macos-arm64 | 1.6.2 | 57.00 | NOTE | |||
r-release-macos-x86_64 | 1.6.2 | 86.00 | NOTE | |||
r-release-windows-x86_64 | 1.6.2 | 41.00 | 110.00 | 151.00 | NOTE | |
r-oldrel-macos-arm64 | 1.6.2 | 66.00 | NOTE | |||
r-oldrel-macos-x86_64 | 1.6.2 | 98.00 | NOTE | |||
r-oldrel-windows-x86_64 | 1.6.2 | 54.00 | 136.00 | 190.00 | NOTE |
Version: 1.6.2
Check: installed package size
Result: NOTE
installed size is 5.1Mb
sub-directories of 1Mb or more:
data 4.7Mb
Flavors: r-devel-linux-x86_64-fedora-clang, r-devel-windows-x86_64, r-release-macos-arm64, r-release-macos-x86_64, r-release-windows-x86_64, r-oldrel-macos-arm64, r-oldrel-macos-x86_64, r-oldrel-windows-x86_64
Version: 1.6.2
Check: dependencies in R code
Result: NOTE
Namespace in Imports field not imported from: ‘RcppEigen’
All declared Imports should be used.
Flavors: r-devel-linux-x86_64-fedora-clang, r-devel-linux-x86_64-fedora-gcc