Last updated on 2024-08-16 15:49:44 CEST.
Flavor | Version | Tinstall | Tcheck | Ttotal | Status | Flags |
---|---|---|---|---|---|---|
r-devel-linux-x86_64-debian-clang | 2.0.3 | 49.63 | 134.12 | 183.75 | OK | |
r-devel-linux-x86_64-debian-gcc | 2.0.3 | 38.00 | 129.02 | 167.02 | OK | |
r-devel-linux-x86_64-fedora-clang | 2.0.3 | 327.08 | OK | |||
r-devel-linux-x86_64-fedora-gcc | 2.0.3 | 405.19 | OK | |||
r-devel-windows-x86_64 | 2.0.3 | 65.00 | 218.00 | 283.00 | OK | |
r-patched-linux-x86_64 | 2.0.3 | 51.80 | 171.22 | 223.02 | OK | |
r-release-linux-x86_64 | 2.0.3 | 50.15 | 174.71 | 224.86 | OK | |
r-release-macos-arm64 | 2.0.3 | 163.00 | NOTE | |||
r-release-macos-x86_64 | 2.0.3 | 200.00 | NOTE | |||
r-release-windows-x86_64 | 2.0.3 | 68.00 | 213.00 | 281.00 | OK | |
r-oldrel-macos-arm64 | 2.0.3 | 186.00 | NOTE | |||
r-oldrel-macos-x86_64 | 2.0.3 | 276.00 | NOTE | |||
r-oldrel-windows-x86_64 | 2.0.3 | 80.00 | 265.00 | 345.00 | OK |
Version: 2.0.3
Check: installed package size
Result: NOTE
installed size is 7.9Mb
sub-directories of 1Mb or more:
libs 7.2Mb
Flavors: r-release-macos-arm64, r-release-macos-x86_64, r-oldrel-macos-arm64, r-oldrel-macos-x86_64