Last updated on 2024-08-16 15:49:44 CEST.
Flavor | Version | Tinstall | Tcheck | Ttotal | Status | Flags |
---|---|---|---|---|---|---|
r-devel-linux-x86_64-debian-clang | 0.2.0 | 16.24 | 332.98 | 349.22 | NOTE | |
r-devel-linux-x86_64-debian-gcc | 0.2.0 | 10.17 | 222.62 | 232.79 | NOTE | |
r-devel-linux-x86_64-fedora-clang | 0.2.0 | 566.23 | NOTE | |||
r-devel-linux-x86_64-fedora-gcc | 0.2.0 | 550.78 | NOTE | |||
r-devel-windows-x86_64 | 0.2.0 | 16.00 | 588.00 | 604.00 | NOTE | |
r-patched-linux-x86_64 | 0.2.0 | 24.35 | 312.75 | 337.10 | OK | |
r-release-linux-x86_64 | 0.2.0 | 14.69 | 317.55 | 332.24 | OK | |
r-release-macos-arm64 | 0.2.0 | 149.00 | OK | |||
r-release-macos-x86_64 | 0.2.0 | 229.00 | OK | |||
r-release-windows-x86_64 | 0.2.0 | 18.00 | 610.00 | 628.00 | OK | |
r-oldrel-macos-arm64 | 0.2.0 | 175.00 | OK | |||
r-oldrel-macos-x86_64 | 0.2.0 | 293.00 | OK | |||
r-oldrel-windows-x86_64 | 0.2.0 | 23.00 | 759.00 | 782.00 | OK |
Version: 0.2.0
Check: Rd cross-references
Result: NOTE
Found the following Rd file(s) with Rd \link{} targets missing package
anchors:
ANOVA_exact.Rd: aov_car, emmeans
emmeans_power.Rd: aov_car, emmeans
Please provide package anchors for all Rd \link{} targets not in the
package itself and the base packages.
Flavors: r-devel-linux-x86_64-debian-clang, r-devel-linux-x86_64-debian-gcc, r-devel-windows-x86_64
Version: 0.2.0
Check: dependencies in R code
Result: NOTE
Namespaces in Imports field not imported from:
‘gridExtra’ ‘mvtnorm’
All declared Imports should be used.
Flavors: r-devel-linux-x86_64-fedora-clang, r-devel-linux-x86_64-fedora-gcc