Last updated on 2024-08-16 03:49:39 CEST.
Flavor | Version | Tinstall | Tcheck | Ttotal | Status | Flags |
---|---|---|---|---|---|---|
r-devel-linux-x86_64-debian-clang | 2.0.0 | 6.35 | 54.64 | 60.99 | NOTE | |
r-devel-linux-x86_64-debian-gcc | 2.0.0 | 5.05 | 40.93 | 45.98 | NOTE | |
r-devel-linux-x86_64-fedora-clang | 2.0.0 | 95.66 | NOTE | |||
r-devel-linux-x86_64-fedora-gcc | 2.0.0 | 91.03 | NOTE | |||
r-devel-windows-x86_64 | 2.0.0 | 7.00 | 68.00 | 75.00 | NOTE | |
r-patched-linux-x86_64 | 2.0.0 | 5.63 | 50.90 | 56.53 | NOTE | |
r-release-linux-x86_64 | 2.0.0 | 6.31 | 51.17 | 57.48 | NOTE | |
r-release-macos-arm64 | 2.0.0 | 29.00 | NOTE | |||
r-release-macos-x86_64 | 2.0.0 | 43.00 | NOTE | |||
r-release-windows-x86_64 | 2.0.0 | 7.00 | 65.00 | 72.00 | NOTE | |
r-oldrel-macos-arm64 | 2.0.0 | 30.00 | NOTE | |||
r-oldrel-macos-x86_64 | 2.0.0 | 53.00 | NOTE | |||
r-oldrel-windows-x86_64 | 2.0.0 | 9.00 | 80.00 | 89.00 | NOTE |
Version: 2.0.0
Check: Rd files
Result: NOTE
checkRd: (-1) TempDisaggDGP.Rd:79: Escaped LaTeX specials: \&
checkRd: (-1) disaggregate.Rd:56: Escaped LaTeX specials: \&
Flavors: r-devel-linux-x86_64-debian-clang, r-devel-linux-x86_64-debian-gcc, r-devel-linux-x86_64-fedora-clang, r-devel-linux-x86_64-fedora-gcc, r-devel-windows-x86_64, r-patched-linux-x86_64, r-release-linux-x86_64, r-release-macos-arm64, r-release-macos-x86_64, r-release-windows-x86_64, r-oldrel-macos-arm64, r-oldrel-macos-x86_64, r-oldrel-windows-x86_64