Last updated on 2024-08-16 15:49:44 CEST.
Flavor | Version | Tinstall | Tcheck | Ttotal | Status | Flags |
---|---|---|---|---|---|---|
r-devel-linux-x86_64-debian-clang | 1.6.1 | 101.29 | 323.78 | 425.07 | NOTE | |
r-devel-linux-x86_64-debian-gcc | 1.6.1 | 67.55 | 207.50 | 275.05 | NOTE | |
r-devel-linux-x86_64-fedora-clang | 1.6.1 | 838.29 | NOTE | |||
r-devel-linux-x86_64-fedora-gcc | 1.6.1 | 728.18 | NOTE | |||
r-devel-windows-x86_64 | 1.6.1 | 109.00 | 341.00 | 450.00 | NOTE | |
r-patched-linux-x86_64 | 1.6.1 | 100.95 | 302.59 | 403.54 | NOTE | |
r-release-linux-x86_64 | 1.6.1 | 101.59 | 304.36 | 405.95 | NOTE | |
r-release-macos-arm64 | 1.6.1 | 171.00 | NOTE | |||
r-release-macos-x86_64 | 1.6.1 | 259.00 | NOTE | |||
r-release-windows-x86_64 | 1.6.1 | 111.00 | 342.00 | 453.00 | NOTE | |
r-oldrel-macos-arm64 | 1.6.1 | 176.00 | NOTE | |||
r-oldrel-macos-x86_64 | 1.6.1 | 447.00 | NOTE | |||
r-oldrel-windows-x86_64 | 1.6.1 | 131.00 | 478.00 | 609.00 | NOTE |
Version: 1.6.1
Check: package dependencies
Result: NOTE
Package suggested but not available for checking: ‘gurobi’
Flavors: r-devel-linux-x86_64-debian-clang, r-devel-linux-x86_64-debian-gcc, r-devel-linux-x86_64-fedora-clang, r-devel-linux-x86_64-fedora-gcc, r-devel-windows-x86_64, r-patched-linux-x86_64, r-release-linux-x86_64, r-release-macos-arm64, r-release-macos-x86_64, r-release-windows-x86_64, r-oldrel-macos-arm64, r-oldrel-macos-x86_64, r-oldrel-windows-x86_64
Version: 1.6.1
Check: installed package size
Result: NOTE
installed size is 8.8Mb
sub-directories of 1Mb or more:
libs 6.4Mb
Flavors: r-release-macos-arm64, r-release-macos-x86_64, r-oldrel-macos-arm64, r-oldrel-macos-x86_64