Last updated on 2024-08-16 15:49:44 CEST.
Flavor | Version | Tinstall | Tcheck | Ttotal | Status | Flags |
---|---|---|---|---|---|---|
r-devel-linux-x86_64-debian-clang | 1.0.0 | 12.08 | 25.31 | 37.39 | OK | |
r-devel-linux-x86_64-debian-gcc | 1.0.0 | 8.99 | 19.97 | 28.96 | OK | |
r-devel-linux-x86_64-fedora-clang | 1.0.0 | 64.54 | NOTE | |||
r-devel-linux-x86_64-fedora-gcc | 1.0.0 | 62.98 | NOTE | |||
r-devel-windows-x86_64 | 1.0.0 | 16.00 | 64.00 | 80.00 | OK | |
r-patched-linux-x86_64 | 1.0.0 | 11.06 | 24.21 | 35.27 | OK | |
r-release-linux-x86_64 | 1.0.0 | 9.54 | 24.24 | 33.78 | OK | |
r-release-macos-arm64 | 1.0.0 | 23.00 | OK | |||
r-release-macos-x86_64 | 1.0.0 | 32.00 | OK | |||
r-release-windows-x86_64 | 1.0.0 | 15.00 | 63.00 | 78.00 | OK | |
r-oldrel-macos-arm64 | 1.0.0 | 30.00 | OK | |||
r-oldrel-macos-x86_64 | 1.0.0 | 43.00 | OK | |||
r-oldrel-windows-x86_64 | 1.0.0 | 18.00 | 72.00 | 90.00 | OK |
Version: 1.0.0
Check: dependencies in R code
Result: NOTE
Namespace in Imports field not imported from: ‘MASS’
All declared Imports should be used.
Flavors: r-devel-linux-x86_64-fedora-clang, r-devel-linux-x86_64-fedora-gcc