Last updated on 2024-08-16 03:49:40 CEST.
Flavor | Version | Tinstall | Tcheck | Ttotal | Status | Flags |
---|---|---|---|---|---|---|
r-devel-linux-x86_64-debian-clang | 1.1-11 | 103.10 | 564.60 | 667.70 | NOTE | |
r-devel-linux-x86_64-debian-gcc | 1.1-11 | 63.85 | 337.87 | 401.72 | NOTE | |
r-devel-linux-x86_64-fedora-clang | 1.1-11 | 1053.66 | NOTE | |||
r-devel-linux-x86_64-fedora-gcc | 1.1-11 | 988.01 | OK | |||
r-devel-windows-x86_64 | 1.1-11 | 103.00 | 642.00 | 745.00 | NOTE | |
r-patched-linux-x86_64 | 1.1-11 | 119.13 | 501.53 | 620.66 | OK | |
r-release-linux-x86_64 | 1.1-11 | 84.54 | 508.07 | 592.61 | OK | |
r-release-macos-arm64 | 1.1-11 | 235.00 | NOTE | |||
r-release-macos-x86_64 | 1.1-11 | 337.00 | NOTE | |||
r-release-windows-x86_64 | 1.1-11 | 110.00 | 629.00 | 739.00 | NOTE | |
r-oldrel-macos-arm64 | 1.1-11 | 226.00 | NOTE | |||
r-oldrel-macos-x86_64 | 1.1-11 | 788.00 | NOTE | |||
r-oldrel-windows-x86_64 | 1.1-11 | 129.00 | 789.00 | 918.00 | NOTE |
Version: 1.1-11
Check: Rd cross-references
Result: NOTE
Found the following Rd file(s) with Rd \link{} targets missing package
anchors:
cens.poisson.Rd: Surv
hdeff.Rd: coxph
simplex.Rd: rig
Please provide package anchors for all Rd \link{} targets not in the
package itself and the base packages.
Flavors: r-devel-linux-x86_64-debian-clang, r-devel-linux-x86_64-debian-gcc, r-devel-windows-x86_64
Version: 1.1-11
Check: installed package size
Result: NOTE
installed size is 8.3Mb
sub-directories of 1Mb or more:
R 4.3Mb
help 3.2Mb
Flavors: r-devel-linux-x86_64-fedora-clang, r-devel-windows-x86_64, r-release-macos-arm64, r-release-macos-x86_64, r-release-windows-x86_64, r-oldrel-macos-arm64, r-oldrel-macos-x86_64, r-oldrel-windows-x86_64