Last updated on 2024-06-26 15:55:00 CEST.
Flavor | Version | Tinstall | Tcheck | Ttotal | Status | Flags |
---|---|---|---|---|---|---|
r-devel-linux-x86_64-debian-clang | 0.1-7 | OK | ||||
r-devel-linux-x86_64-debian-gcc | 0.1-7 | 2.68 | 22.96 | 25.64 | OK | |
r-devel-linux-x86_64-fedora-clang | 0.1-7 | 41.31 | NOTE | |||
r-devel-linux-x86_64-fedora-gcc | 0.1-7 | 38.91 | OK | |||
r-devel-windows-x86_64 | 0.1-7 | 3.00 | 45.00 | 48.00 | OK | |
r-patched-linux-x86_64 | 0.1-7 | 3.59 | 28.41 | 32.00 | OK | |
r-release-linux-x86_64 | 0.1-7 | 2.79 | 29.45 | 32.24 | OK | |
r-release-macos-arm64 | 0.1-7 | 18.00 | OK | |||
r-release-macos-x86_64 | 0.1-7 | 26.00 | OK | |||
r-release-windows-x86_64 | 0.1-7 | 3.00 | 45.00 | 48.00 | OK | |
r-oldrel-macos-arm64 | 0.1-7 | 22.00 | OK | |||
r-oldrel-macos-x86_64 | 0.1-7 | 25.00 | OK | |||
r-oldrel-windows-x86_64 | 0.1-7 | 4.00 | 48.00 | 52.00 | OK |
Version: 0.1-7
Check: Rd cross-references
Result: NOTE
Undeclared package ‘RCurl’ in Rd xrefs
Flavor: r-devel-linux-x86_64-fedora-clang