Last updated on 2024-08-16 15:49:46 CEST.
Flavor | Version | Tinstall | Tcheck | Ttotal | Status | Flags |
---|---|---|---|---|---|---|
r-devel-linux-x86_64-debian-clang | 4.0.3 | 12.18 | 257.77 | 269.95 | OK | |
r-devel-linux-x86_64-debian-gcc | 4.0.3 | 7.21 | 163.03 | 170.24 | OK | |
r-devel-linux-x86_64-fedora-clang | 4.0.3 | 424.22 | OK | |||
r-devel-linux-x86_64-fedora-gcc | 4.0.3 | 412.36 | OK | |||
r-devel-windows-x86_64 | 4.0.3 | 11.00 | 223.00 | 234.00 | OK | |
r-patched-linux-x86_64 | 4.0.3 | 10.37 | 237.81 | 248.18 | OK | |
r-release-linux-x86_64 | 4.0.3 | 9.97 | 237.09 | 247.06 | OK | |
r-release-macos-arm64 | 4.0.3 | 112.00 | NOTE | |||
r-release-macos-x86_64 | 4.0.3 | 170.00 | OK | |||
r-release-windows-x86_64 | 4.0.3 | 12.00 | 222.00 | 234.00 | OK | |
r-oldrel-macos-arm64 | 4.0.3 | 115.00 | OK | |||
r-oldrel-macos-x86_64 | 4.0.3 | 294.00 | OK | |||
r-oldrel-windows-x86_64 | 4.0.3 | 16.00 | 325.00 | 341.00 | OK |
Version: 4.0.3
Check: package dependencies
Result: NOTE
Package suggested but not available for checking: ‘glmmTMB’
Flavor: r-release-macos-arm64