Last updated on 2024-08-16 03:49:40 CEST.
Flavor | Version | Tinstall | Tcheck | Ttotal | Status | Flags |
---|---|---|---|---|---|---|
r-devel-linux-x86_64-debian-clang | 1.0 | 404.90 | 151.05 | 555.95 | NOTE | |
r-devel-linux-x86_64-debian-gcc | 1.0 | 335.21 | 138.77 | 473.98 | NOTE | |
r-devel-linux-x86_64-fedora-clang | 1.0 | 811.19 | NOTE | |||
r-devel-linux-x86_64-fedora-gcc | 1.0 | 1108.06 | NOTE | |||
r-devel-windows-x86_64 | 1.0 | 360.00 | 187.00 | 547.00 | NOTE | |
r-patched-linux-x86_64 | 1.0 | 425.16 | 177.37 | 602.53 | NOTE | |
r-release-linux-x86_64 | 1.0 | 445.81 | 180.83 | 626.64 | NOTE | |
r-release-macos-arm64 | 1.0 | 218.00 | NOTE | |||
r-release-macos-x86_64 | 1.0 | 397.00 | NOTE | |||
r-release-windows-x86_64 | 1.0 | 294.00 | 204.00 | 498.00 | NOTE | |
r-oldrel-macos-arm64 | 1.0 | 250.00 | NOTE | |||
r-oldrel-macos-x86_64 | 1.0 | 295.00 | NOTE | |||
r-oldrel-windows-x86_64 | 1.0 | 286.00 | 222.00 | 508.00 | NOTE |
Version: 1.0
Check: for GNU extensions in Makefiles
Result: NOTE
GNU make is a SystemRequirements.
Flavors: r-devel-linux-x86_64-debian-clang, r-devel-linux-x86_64-debian-gcc, r-devel-linux-x86_64-fedora-clang, r-devel-linux-x86_64-fedora-gcc, r-devel-windows-x86_64, r-patched-linux-x86_64, r-release-linux-x86_64, r-release-macos-arm64, r-release-macos-x86_64, r-release-windows-x86_64, r-oldrel-macos-arm64, r-oldrel-macos-x86_64, r-oldrel-windows-x86_64
Version: 1.0
Check: installed package size
Result: NOTE
installed size is 9.2Mb
sub-directories of 1Mb or more:
data 4.2Mb
libs 4.4Mb
Flavors: r-devel-linux-x86_64-fedora-clang, r-devel-windows-x86_64, r-release-macos-arm64, r-release-macos-x86_64, r-release-windows-x86_64, r-oldrel-macos-arm64, r-oldrel-macos-x86_64, r-oldrel-windows-x86_64