Last updated on 2024-08-16 15:49:26 CEST.
Flavor | Version | Tinstall | Tcheck | Ttotal | Status | Flags |
---|---|---|---|---|---|---|
r-devel-linux-x86_64-debian-clang | 0.4.1 | 2.64 | 55.54 | 58.18 | OK | |
r-devel-linux-x86_64-debian-gcc | 0.4.1 | 1.83 | 40.85 | 42.68 | OK | |
r-devel-linux-x86_64-fedora-clang | 0.4.1 | 95.75 | NOTE | |||
r-devel-linux-x86_64-fedora-gcc | 0.4.1 | 103.83 | NOTE | |||
r-devel-windows-x86_64 | 0.4.1 | 5.00 | 77.00 | 82.00 | OK | |
r-patched-linux-x86_64 | 0.4.1 | 2.72 | 52.61 | 55.33 | OK | |
r-release-linux-x86_64 | 0.4.1 | 2.61 | 52.43 | 55.04 | OK | |
r-release-macos-arm64 | 0.4.1 | 54.00 | OK | |||
r-release-macos-x86_64 | 0.4.1 | 78.00 | OK | |||
r-release-windows-x86_64 | 0.4.1 | 6.00 | 76.00 | 82.00 | OK | |
r-oldrel-macos-arm64 | 0.4.1 | 51.00 | OK | |||
r-oldrel-macos-x86_64 | 0.4.1 | 59.00 | OK | |||
r-oldrel-windows-x86_64 | 0.4.1 | 6.00 | 85.00 | 91.00 | OK |
Version: 0.4.1
Check: dependencies in R code
Result: NOTE
Namespace in Imports field not imported from: ‘tibble’
All declared Imports should be used.
Flavors: r-devel-linux-x86_64-fedora-clang, r-devel-linux-x86_64-fedora-gcc