Last updated on 2024-08-16 15:49:26 CEST.
Flavor | Version | Tinstall | Tcheck | Ttotal | Status | Flags |
---|---|---|---|---|---|---|
r-devel-linux-x86_64-debian-clang | 5.0 | 16.36 | 124.72 | 141.08 | NOTE | |
r-devel-linux-x86_64-debian-gcc | 5.0 | 11.16 | 91.84 | 103.00 | NOTE | |
r-devel-linux-x86_64-fedora-clang | 5.0 | 218.24 | OK | |||
r-devel-linux-x86_64-fedora-gcc | 5.0 | 210.75 | OK | |||
r-devel-windows-x86_64 | 5.0 | 17.00 | 127.00 | 144.00 | NOTE | |
r-patched-linux-x86_64 | 5.0 | 15.17 | 115.88 | 131.05 | OK | |
r-release-linux-x86_64 | 5.0 | 14.46 | 117.66 | 132.12 | OK | |
r-release-macos-arm64 | 5.0 | 60.00 | OK | |||
r-release-macos-x86_64 | 5.0 | 83.00 | OK | |||
r-release-windows-x86_64 | 5.0 | 17.00 | 127.00 | 144.00 | OK | |
r-oldrel-macos-arm64 | 5.0 | 59.00 | OK | |||
r-oldrel-macos-x86_64 | 5.0 | 130.00 | OK | |||
r-oldrel-windows-x86_64 | 5.0 | 23.00 | 154.00 | 177.00 | OK |
Version: 5.0
Check: Rd cross-references
Result: NOTE
Found the following Rd file(s) with Rd \link{} targets missing package
anchors:
autoprune.rd: rpart
Please provide package anchors for all Rd \link{} targets not in the
package itself and the base packages.
Flavors: r-devel-linux-x86_64-debian-clang, r-devel-linux-x86_64-debian-gcc, r-devel-windows-x86_64