Last updated on 2024-08-16 03:49:17 CEST.
Flavor | Version | Tinstall | Tcheck | Ttotal | Status | Flags |
---|---|---|---|---|---|---|
r-devel-linux-x86_64-debian-clang | 1.1 | 74.91 | 28.75 | 103.66 | OK | |
r-devel-linux-x86_64-debian-gcc | 1.1 | 58.18 | 21.63 | 79.81 | OK | |
r-devel-linux-x86_64-fedora-clang | 1.1 | 162.01 | NOTE | |||
r-devel-linux-x86_64-fedora-gcc | 1.1 | 159.08 | OK | |||
r-devel-windows-x86_64 | 1.1 | 70.00 | 48.00 | 118.00 | NOTE | |
r-patched-linux-x86_64 | 1.1 | 67.27 | 27.51 | 94.78 | OK | |
r-release-linux-x86_64 | 1.1 | 67.88 | 28.42 | 96.30 | OK | |
r-release-macos-arm64 | 1.1 | 71.00 | NOTE | |||
r-release-macos-x86_64 | 1.1 | 91.00 | NOTE | |||
r-release-windows-x86_64 | 1.1 | 71.00 | 49.00 | 120.00 | NOTE | |
r-oldrel-macos-arm64 | 1.1 | 81.00 | NOTE | |||
r-oldrel-macos-x86_64 | 1.1 | 106.00 | NOTE | |||
r-oldrel-windows-x86_64 | 1.1 | 71.00 | 50.00 | 121.00 | NOTE |
Version: 1.1
Check: installed package size
Result: NOTE
installed size is 9.5Mb
sub-directories of 1Mb or more:
data 9.3Mb
Flavors: r-devel-linux-x86_64-fedora-clang, r-devel-windows-x86_64, r-release-macos-arm64, r-release-macos-x86_64, r-release-windows-x86_64, r-oldrel-macos-arm64, r-oldrel-macos-x86_64, r-oldrel-windows-x86_64