Last updated on 2024-05-02 15:50:54 CEST.
Flavor | Version | Tinstall | Tcheck | Ttotal | Status | Flags |
---|---|---|---|---|---|---|
r-devel-linux-x86_64-debian-clang | 1.2.0 | 110.73 | 113.09 | 223.82 | OK | |
r-devel-linux-x86_64-debian-gcc | 1.2.0 | 91.32 | 82.77 | 174.09 | OK | |
r-devel-linux-x86_64-fedora-clang | 1.2.0 | 316.76 | OK | |||
r-devel-linux-x86_64-fedora-gcc | 1.2.0 | 322.33 | OK | |||
r-devel-windows-x86_64 | 1.2.0 | 87.00 | 108.00 | 195.00 | OK | |
r-patched-linux-x86_64 | 1.2.0 | 102.26 | 107.88 | 210.14 | OK | |
r-release-linux-x86_64 | 1.2.0 | 86.73 | 107.34 | 194.07 | OK | |
r-release-macos-arm64 | 1.2.0 | 66.00 | NOTE | |||
r-release-windows-x86_64 | 1.2.0 | 85.00 | 109.00 | 194.00 | OK | |
r-oldrel-macos-arm64 | 1.2.0 | 68.00 | NOTE | |||
r-oldrel-macos-x86_64 | 1.2.0 | 115.00 | NOTE | |||
r-oldrel-windows-x86_64 | 1.2.0 | 109.00 | 131.00 | 240.00 | OK |
Version: 1.2.0
Check: installed package size
Result: NOTE
installed size is 5.7Mb
sub-directories of 1Mb or more:
libs 5.3Mb
Flavors: r-release-macos-arm64, r-oldrel-macos-arm64, r-oldrel-macos-x86_64