Last updated on 2024-08-16 15:49:26 CEST.
Flavor | Version | Tinstall | Tcheck | Ttotal | Status | Flags |
---|---|---|---|---|---|---|
r-devel-linux-x86_64-debian-clang | 0.3.3 | 6.06 | 171.03 | 177.09 | OK | |
r-devel-linux-x86_64-debian-gcc | 0.3.3 | 4.41 | 139.74 | 144.15 | OK | |
r-devel-linux-x86_64-fedora-clang | 0.3.3 | 287.51 | NOTE | |||
r-devel-linux-x86_64-fedora-gcc | 0.3.3 | 307.50 | OK | |||
r-devel-windows-x86_64 | 0.3.3 | 9.00 | 193.00 | 202.00 | NOTE | |
r-patched-linux-x86_64 | 0.3.3 | 6.15 | 172.94 | 179.09 | OK | |
r-release-linux-x86_64 | 0.3.3 | 6.10 | 173.69 | 179.79 | OK | |
r-release-macos-arm64 | 0.3.3 | 106.00 | NOTE | |||
r-release-macos-x86_64 | 0.3.3 | 270.00 | NOTE | |||
r-release-windows-x86_64 | 0.3.3 | 9.00 | 194.00 | 203.00 | NOTE | |
r-oldrel-macos-arm64 | 0.3.3 | 149.00 | NOTE | |||
r-oldrel-macos-x86_64 | 0.3.3 | 239.00 | NOTE | |||
r-oldrel-windows-x86_64 | 0.3.3 | 10.00 | 225.00 | 235.00 | NOTE |
Version: 0.3.3
Check: installed package size
Result: NOTE
installed size is 8.0Mb
sub-directories of 1Mb or more:
ShinyGR 4.3Mb
doc 3.5Mb
Flavors: r-devel-linux-x86_64-fedora-clang, r-devel-windows-x86_64, r-release-macos-arm64, r-release-macos-x86_64, r-release-windows-x86_64, r-oldrel-macos-arm64, r-oldrel-macos-x86_64, r-oldrel-windows-x86_64