Last updated on 2024-07-12 02:51:05 CEST.
Flavor | Version | Tinstall | Tcheck | Ttotal | Status | Flags |
---|---|---|---|---|---|---|
r-devel-linux-x86_64-debian-clang | 0.3.5 | 9.63 | 78.59 | 88.22 | NOTE | |
r-devel-linux-x86_64-debian-gcc | 0.3.5 | 6.79 | 59.45 | 66.24 | NOTE | |
r-devel-linux-x86_64-fedora-clang | 0.3.5 | 116.34 | NOTE | |||
r-devel-linux-x86_64-fedora-gcc | 0.3.5 | 114.10 | NOTE | |||
r-devel-windows-x86_64 | 0.3.5 | 9.00 | 74.00 | 83.00 | NOTE | |
r-patched-linux-x86_64 | 0.3.5 | 7.61 | 77.97 | 85.58 | NOTE | |
r-release-linux-x86_64 | 0.3.5 | 5.30 | 76.59 | 81.89 | NOTE | |
r-release-macos-arm64 | 0.3.5 | 40.00 | NOTE | |||
r-release-macos-x86_64 | 0.3.5 | 70.00 | NOTE | |||
r-release-windows-x86_64 | 0.3.5 | 8.00 | 75.00 | 83.00 | NOTE | |
r-oldrel-macos-arm64 | 0.3.5 | 33.00 | NOTE | |||
r-oldrel-macos-x86_64 | 0.3.5 | 49.00 | NOTE | |||
r-oldrel-windows-x86_64 | 0.3.5 | 10.00 | 88.00 | 98.00 | NOTE |
Version: 0.3.5
Check: LazyData
Result: NOTE
'LazyData' is specified without a 'data' directory
Flavors: r-devel-linux-x86_64-debian-clang, r-devel-linux-x86_64-debian-gcc, r-devel-linux-x86_64-fedora-clang, r-devel-linux-x86_64-fedora-gcc, r-devel-windows-x86_64, r-patched-linux-x86_64, r-release-linux-x86_64, r-release-macos-arm64, r-release-macos-x86_64, r-release-windows-x86_64, r-oldrel-macos-arm64, r-oldrel-macos-x86_64, r-oldrel-windows-x86_64