Last updated on 2024-05-02 15:50:55 CEST.
Flavor | Version | Tinstall | Tcheck | Ttotal | Status | Flags |
---|---|---|---|---|---|---|
r-devel-linux-x86_64-debian-clang | 0.1.2 | 18.25 | 183.81 | 202.06 | NOTE | |
r-devel-linux-x86_64-debian-gcc | 0.1.2 | 14.82 | 148.75 | 163.57 | NOTE | |
r-devel-linux-x86_64-fedora-clang | 0.1.2 | 256.53 | NOTE | |||
r-devel-linux-x86_64-fedora-gcc | 0.1.2 | 258.77 | NOTE | |||
r-devel-windows-x86_64 | 0.1.2 | 18.00 | 134.00 | 152.00 | NOTE | |
r-patched-linux-x86_64 | 0.1.2 | 25.01 | 188.51 | 213.52 | NOTE | |
r-release-linux-x86_64 | 0.1.2 | 12.66 | 191.12 | 203.78 | NOTE | |
r-release-macos-arm64 | 0.1.2 | 65.00 | NOTE | |||
r-release-windows-x86_64 | 0.1.2 | 19.00 | 137.00 | 156.00 | NOTE | |
r-oldrel-macos-arm64 | 0.1.2 | 72.00 | OK | |||
r-oldrel-macos-x86_64 | 0.1.2 | 104.00 | OK | |||
r-oldrel-windows-x86_64 | 0.1.2 | 21.00 | 157.00 | 178.00 | OK |
Version: 0.1.2
Check: Rd files
Result: NOTE
checkRd: (-1) convertAlgoPerfToWideFormat.Rd:28: Lost braces
28 | code{NA} means the performance value is not available, possibly because the algorithm run was aborted.
| ^
checkRd: (-1) parseASScenario.Rd:40: Lost braces
40 | code{NA} means the cost is not available, possibly because the feature computation was aborted.
| ^
checkRd: (-1) parseASScenario.Rd:47: Lost braces
47 | code{NA} means the cost is not available, possibly because the feature computation was aborted.
| ^
checkRd: (-1) parseASScenario.Rd:55: Lost braces
55 | code{NA} means the feature is not available, possibly because the feature computation was aborted.
| ^
checkRd: (-1) parseASScenario.Rd:62: Lost braces
62 | code{NA} means the feature is not available, possibly because the feature computation was aborted.
| ^
Flavors: r-devel-linux-x86_64-debian-clang, r-devel-linux-x86_64-debian-gcc, r-devel-linux-x86_64-fedora-clang, r-devel-linux-x86_64-fedora-gcc, r-devel-windows-x86_64, r-patched-linux-x86_64, r-release-linux-x86_64, r-release-macos-arm64, r-release-windows-x86_64