Last updated on 2024-07-12 02:51:05 CEST.
Flavor | Version | Tinstall | Tcheck | Ttotal | Status | Flags |
---|---|---|---|---|---|---|
r-devel-linux-x86_64-debian-clang | 0.3.2 | 9.98 | 249.26 | 259.24 | NOTE | |
r-devel-linux-x86_64-debian-gcc | 0.3.2 | 6.79 | 173.27 | 180.06 | NOTE | |
r-devel-linux-x86_64-fedora-clang | 0.3.2 | 308.01 | NOTE | |||
r-devel-linux-x86_64-fedora-gcc | 0.3.2 | 302.66 | NOTE | |||
r-devel-windows-x86_64 | 0.3.2 | 10.00 | 155.00 | 165.00 | NOTE | |
r-patched-linux-x86_64 | 0.3.2 | 16.68 | 234.96 | 251.64 | NOTE | |
r-release-linux-x86_64 | 0.3.2 | 7.18 | 237.83 | 245.01 | NOTE | |
r-release-macos-arm64 | 0.3.2 | 94.00 | NOTE | |||
r-release-macos-x86_64 | 0.3.2 | 133.00 | NOTE | |||
r-release-windows-x86_64 | 0.3.2 | 9.00 | 155.00 | 164.00 | NOTE | |
r-oldrel-macos-arm64 | 0.3.2 | 95.00 | OK | |||
r-oldrel-macos-x86_64 | 0.3.2 | 153.00 | OK | |||
r-oldrel-windows-x86_64 | 0.3.2 | 12.00 | 185.00 | 197.00 | OK |
Version: 0.3.2
Check: Rd files
Result: NOTE
checkRd: (-1) gen.Rd:36: Lost braces; missing escapes or markup?
36 | `gen({...}) returns an \link{iteror}.
| ^
Flavors: r-devel-linux-x86_64-debian-clang, r-devel-linux-x86_64-debian-gcc, r-devel-linux-x86_64-fedora-clang, r-devel-linux-x86_64-fedora-gcc, r-devel-windows-x86_64, r-patched-linux-x86_64, r-release-linux-x86_64, r-release-macos-arm64, r-release-macos-x86_64, r-release-windows-x86_64
Version: 0.3.2
Check: Rd cross-references
Result: NOTE
Undeclared package ‘iterators’ in Rd xrefs
Flavor: r-devel-linux-x86_64-fedora-clang