Last updated on 2024-08-16 15:49:27 CEST.
Flavor | Version | Tinstall | Tcheck | Ttotal | Status | Flags |
---|---|---|---|---|---|---|
r-devel-linux-x86_64-debian-clang | 2.0.1 | 16.33 | 118.65 | 134.98 | OK | |
r-devel-linux-x86_64-debian-gcc | 2.0.1 | 10.93 | 82.55 | 93.48 | OK | |
r-devel-linux-x86_64-fedora-clang | 2.0.1 | 216.71 | NOTE | |||
r-devel-linux-x86_64-fedora-gcc | 2.0.1 | 202.45 | NOTE | |||
r-devel-windows-x86_64 | 2.0.1 | 16.00 | 112.00 | 128.00 | OK | |
r-patched-linux-x86_64 | 2.0.1 | 15.12 | 110.49 | 125.61 | OK | |
r-release-linux-x86_64 | 2.0.1 | 14.47 | 111.87 | 126.34 | OK | |
r-release-macos-arm64 | 2.0.1 | 54.00 | OK | |||
r-release-macos-x86_64 | 2.0.1 | 88.00 | OK | |||
r-release-windows-x86_64 | 2.0.1 | 17.00 | 111.00 | 128.00 | OK | |
r-oldrel-macos-arm64 | 2.0.1 | 59.00 | OK | |||
r-oldrel-macos-x86_64 | 2.0.1 | 95.00 | OK | |||
r-oldrel-windows-x86_64 | 2.0.1 | 22.00 | 143.00 | 165.00 | OK |
Version: 2.0.1
Check: data for non-ASCII characters
Result: NOTE
Note: found 1 marked UTF-8 string
Flavors: r-devel-linux-x86_64-fedora-clang, r-devel-linux-x86_64-fedora-gcc