Last updated on 2024-08-16 03:49:18 CEST.
Flavor | Version | Tinstall | Tcheck | Ttotal | Status | Flags |
---|---|---|---|---|---|---|
r-devel-linux-x86_64-debian-clang | 0.4.1 | 4.48 | 81.02 | 85.50 | OK | |
r-devel-linux-x86_64-debian-gcc | 0.4.1 | 2.93 | 67.21 | 70.14 | OK | |
r-devel-linux-x86_64-fedora-clang | 0.4.1 | 148.41 | NOTE | |||
r-devel-linux-x86_64-fedora-gcc | 0.4.1 | 151.85 | NOTE | |||
r-devel-windows-x86_64 | 0.4.1 | 6.00 | 101.00 | 107.00 | OK | |
r-patched-linux-x86_64 | 0.4.1 | 4.33 | 87.98 | 92.31 | OK | |
r-release-linux-x86_64 | 0.4.1 | 3.81 | 89.40 | 93.21 | OK | |
r-release-macos-arm64 | 0.4.1 | 57.00 | OK | |||
r-release-macos-x86_64 | 0.4.1 | 96.00 | OK | |||
r-release-windows-x86_64 | 0.4.1 | 8.00 | 100.00 | 108.00 | OK | |
r-oldrel-macos-arm64 | 0.4.1 | 55.00 | OK | |||
r-oldrel-macos-x86_64 | 0.4.1 | 113.00 | OK | |||
r-oldrel-windows-x86_64 | 0.4.1 | 9.00 | 116.00 | 125.00 | OK |
Version: 0.4.1
Check: package dependencies
Result: NOTE
Imports includes 34 non-default packages.
Importing from so many packages makes the package vulnerable to any of
them becoming unavailable. Move as many as possible to Suggests and
use conditionally.
Flavor: r-devel-linux-x86_64-fedora-clang
Version: 0.4.1
Check: dependencies in R code
Result: NOTE
Namespaces in Imports field not imported from:
‘Ckmeans.1d.dp’ ‘broom.mixed’ ‘igraph’
All declared Imports should be used.
Flavors: r-devel-linux-x86_64-fedora-clang, r-devel-linux-x86_64-fedora-gcc