Last updated on 2024-08-16 15:49:27 CEST.
Flavor | Version | Tinstall | Tcheck | Ttotal | Status | Flags |
---|---|---|---|---|---|---|
r-devel-linux-x86_64-debian-clang | 0.1.1 | 19.23 | 153.06 | 172.29 | OK | |
r-devel-linux-x86_64-debian-gcc | 0.1.1 | 15.04 | 102.73 | 117.77 | OK | |
r-devel-linux-x86_64-fedora-clang | 0.1.1 | 279.23 | NOTE | |||
r-devel-linux-x86_64-fedora-gcc | 0.1.1 | 260.70 | OK | |||
r-devel-windows-x86_64 | 0.1.1 | 20.00 | 157.00 | 177.00 | OK | |
r-patched-linux-x86_64 | 0.1.1 | 20.08 | 143.45 | 163.53 | OK | |
r-release-linux-x86_64 | 0.1.1 | 19.77 | 143.64 | 163.41 | OK | |
r-release-macos-arm64 | 0.1.1 | 71.00 | OK | |||
r-release-macos-x86_64 | 0.1.1 | 189.00 | OK | |||
r-release-windows-x86_64 | 0.1.1 | 20.00 | 156.00 | 176.00 | OK | |
r-oldrel-macos-arm64 | 0.1.1 | 85.00 | OK | |||
r-oldrel-macos-x86_64 | 0.1.1 | 220.00 | OK | |||
r-oldrel-windows-x86_64 | 0.1.1 | 28.00 | 198.00 | 226.00 | OK |
Version: 0.1.1
Check: package dependencies
Result: NOTE
Imports includes 25 non-default packages.
Importing from so many packages makes the package vulnerable to any of
them becoming unavailable. Move as many as possible to Suggests and
use conditionally.
Flavor: r-devel-linux-x86_64-fedora-clang