Last updated on 2024-05-08 03:52:05 CEST.
Flavor | Version | Tinstall | Tcheck | Ttotal | Status | Flags |
---|---|---|---|---|---|---|
r-devel-linux-x86_64-debian-clang | 0.2.0 | 5.99 | 69.93 | 75.92 | NOTE | |
r-devel-linux-x86_64-debian-gcc | 0.2.0 | 4.77 | 51.01 | 55.78 | NOTE | |
r-devel-linux-x86_64-fedora-clang | 0.2.0 | 94.56 | NOTE | |||
r-devel-linux-x86_64-fedora-gcc | 0.2.0 | 147.67 | NOTE | |||
r-devel-windows-x86_64 | 0.2.0 | 6.00 | 67.00 | 73.00 | NOTE | |
r-patched-linux-x86_64 | 0.2.0 | 6.18 | 66.34 | 72.52 | NOTE | |
r-release-linux-x86_64 | 0.2.0 | 4.97 | 66.95 | 71.92 | NOTE | |
r-release-macos-arm64 | 0.2.0 | 30.00 | NOTE | |||
r-release-windows-x86_64 | 0.2.0 | 6.00 | 67.00 | 73.00 | NOTE | |
r-oldrel-macos-arm64 | 0.2.0 | 30.00 | NOTE | |||
r-oldrel-macos-x86_64 | 0.2.0 | 50.00 | NOTE | |||
r-oldrel-windows-x86_64 | 0.2.0 | 7.00 | 75.00 | 82.00 | NOTE |
Version: 0.2.0
Check: LazyData
Result: NOTE
'LazyData' is specified without a 'data' directory
Flavors: r-devel-linux-x86_64-debian-clang, r-devel-linux-x86_64-debian-gcc, r-devel-linux-x86_64-fedora-clang, r-devel-linux-x86_64-fedora-gcc, r-devel-windows-x86_64, r-patched-linux-x86_64, r-release-linux-x86_64, r-release-macos-arm64, r-release-windows-x86_64, r-oldrel-macos-arm64, r-oldrel-macos-x86_64, r-oldrel-windows-x86_64