Last updated on 2024-05-05 03:56:43 CEST.
Flavor | Version | Tinstall | Tcheck | Ttotal | Status | Flags |
---|---|---|---|---|---|---|
r-devel-linux-x86_64-debian-clang | 1.0.1 | 42.49 | 1050.53 | 1093.02 | OK | |
r-devel-linux-x86_64-debian-gcc | 1.0.1 | 30.78 | 666.70 | 697.48 | OK | |
r-devel-linux-x86_64-fedora-clang | 1.0.1 | 1288.54 | NOTE | |||
r-devel-linux-x86_64-fedora-gcc | 1.0.1 | 1267.98 | NOTE | |||
r-devel-windows-x86_64 | 1.0.1 | 37.00 | 574.00 | 611.00 | OK | |
r-patched-linux-x86_64 | 1.0.1 | 43.87 | 934.00 | 977.87 | OK | |
r-release-linux-x86_64 | 1.0.1 | 44.36 | 930.51 | 974.87 | OK | |
r-release-macos-arm64 | 1.0.1 | 248.00 | OK | |||
r-release-macos-x86_64 | 1.0.1 | 945.00 | OK | |||
r-release-windows-x86_64 | 1.0.1 | 37.00 | 565.00 | 602.00 | OK | |
r-oldrel-macos-arm64 | 1.0.1 | 230.00 | OK | |||
r-oldrel-macos-x86_64 | 1.0.1 | 642.00 | OK | |||
r-oldrel-windows-x86_64 | 1.0.1 | 45.00 | 806.00 | 851.00 | OK |
Version: 1.0.1
Check: dependencies in R code
Result: NOTE
Namespace in Imports field not imported from: ‘ggplot2’
All declared Imports should be used.
Flavors: r-devel-linux-x86_64-fedora-clang, r-devel-linux-x86_64-fedora-gcc