Last updated on 2024-08-08 15:48:16 CEST.
Flavor | Version | Tinstall | Tcheck | Ttotal | Status | Flags |
---|---|---|---|---|---|---|
r-devel-linux-x86_64-debian-clang | 2.1.10 | 2.02 | 25.19 | 27.21 | OK | |
r-devel-linux-x86_64-debian-gcc | 2.1.10 | 2.27 | 19.30 | 21.57 | OK | |
r-devel-linux-x86_64-fedora-clang | 2.1.10 | 46.16 | NOTE | |||
r-devel-linux-x86_64-fedora-gcc | 2.1.10 | 45.09 | OK | |||
r-devel-windows-x86_64 | 2.1.10 | 6.00 | 56.00 | 62.00 | OK | |
r-patched-linux-x86_64 | 2.1.10 | 2.87 | 24.54 | 27.41 | OK | |
r-release-linux-x86_64 | 2.1.10 | 2.92 | 24.74 | 27.66 | OK | |
r-release-macos-arm64 | 2.1.10 | 19.00 | OK | |||
r-release-macos-x86_64 | 2.1.10 | 28.00 | OK | |||
r-release-windows-x86_64 | 2.1.10 | 5.00 | 63.00 | 68.00 | OK | |
r-oldrel-macos-arm64 | 2.1.10 | 24.00 | OK | |||
r-oldrel-macos-x86_64 | 2.1.10 | 34.00 | NOTE | |||
r-oldrel-windows-x86_64 | 2.1.10 | 5.00 | 57.00 | 62.00 | OK |
Version: 2.1.10
Check: Rd cross-references
Result: NOTE
Undeclared package ‘fGarch’ in Rd xrefs
Flavor: r-devel-linux-x86_64-fedora-clang
Version: 2.1.10
Check: Rd cross-references
Result: NOTE
Package unavailable to check Rd xrefs: ‘fGarch’
Flavor: r-oldrel-macos-x86_64