Last updated on 2024-06-26 15:54:40 CEST.
Flavor | Version | Tinstall | Tcheck | Ttotal | Status | Flags |
---|---|---|---|---|---|---|
r-devel-linux-x86_64-debian-clang | 0.1.4 | OK | ||||
r-devel-linux-x86_64-debian-gcc | 0.1.4 | 3.20 | 105.04 | 108.24 | OK | |
r-devel-linux-x86_64-fedora-clang | 0.1.4 | 169.65 | OK | |||
r-devel-linux-x86_64-fedora-gcc | 0.1.4 | 169.05 | OK | |||
r-devel-windows-x86_64 | 0.1.4 | 4.00 | 135.00 | 139.00 | OK | |
r-patched-linux-x86_64 | 0.1.4 | 4.58 | 147.08 | 151.66 | OK | |
r-release-linux-x86_64 | 0.1.4 | 4.03 | 150.14 | 154.17 | OK | |
r-release-macos-arm64 | 0.1.4 | 49.00 | OK | |||
r-release-macos-x86_64 | 0.1.4 | 90.00 | OK | |||
r-release-windows-x86_64 | 0.1.4 | 5.00 | 141.00 | 146.00 | OK | |
r-oldrel-macos-arm64 | 0.1.4 | 83.00 | NOTE | |||
r-oldrel-macos-x86_64 | 0.1.4 | 160.00 | NOTE | |||
r-oldrel-windows-x86_64 | 0.1.4 | 5.00 | 146.00 | 151.00 | NOTE |
Version: 0.1.4
Check: for unstated dependencies in vignettes
Result: NOTE
'library' or 'require' call not declared from: ‘x’
Flavors: r-oldrel-macos-arm64, r-oldrel-macos-x86_64, r-oldrel-windows-x86_64